{"id":980,"date":"2022-12-30T20:15:25","date_gmt":"2022-12-30T18:15:25","guid":{"rendered":"https:\/\/heike-neumann.de\/?page_id=980"},"modified":"2025-01-04T10:32:26","modified_gmt":"2025-01-04T08:32:26","slug":"silvester-und-geburtstagspartymaterial","status":"publish","type":"page","link":"https:\/\/heike-neumann.de\/index.php\/silvester-und-geburtstagspartymaterial\/","title":{"rendered":"Silvester- und Geburtstagspartymaterial"},"content":{"rendered":"\n<div style=\"height:22px\" aria-hidden=\"true\" class=\"wp-block-spacer\"><\/div>\n\n\n\n<p>Liebe Wichtelfreundinnen und Wichtelfreunde!<br>Wenn ihr einen Wichtelgeburtstag f\u00fcr eure Kinder plant, dann habe ich einiges Material f\u00fcr euch:<\/p>\n\n\n\n<div style=\"height:19px\" aria-hidden=\"true\" class=\"wp-block-spacer\"><\/div>\n\n\n\n<p><br>Zum einen findet ihr hier unten Wichtelt\u00fcten f\u00fcr die Sachen, die die G\u00e4ste mitnehmen sollen.<br>Au\u00dferdem k\u00f6nntet ihr ja mit den G\u00e4sten das Wichteldorf basteln. Ich empfehle euch, den Bogen auf halber Gr\u00f6\u00dfe auszudrucken oder dickeres Papier zu nehmen.<br>F\u00fcr das Buch &#8222;Fr\u00fchling in Pfifferlingen&#8220; gibt es eine Wichtel-Pflanzschale f\u00fcr Kresse, beim Ausmalen und Kleben k\u00f6nntet ihr Geschichten aus den Wichtelb\u00fcchern oder die 3 Geschichten (unter LESEPROBEN) vorlesen.<br><\/p>\n\n\n\n<div style=\"height:31px\" aria-hidden=\"true\" class=\"wp-block-spacer\"><\/div>\n\n\n\n<p><br>Wenn ihr einen Wichtelgeburtstag machen wollt, dann schreibt mich an und ich schicke euch gratis eine Druckvorlage f\u00fcr ein kleines Heft zum Mitgeben mit Ausmalbildern, Geschichten und Mandalas.<br><\/p>\n\n\n\n<p> post@heike-neumann.de<\/p>\n\n\n\n<div style=\"height:50px\" aria-hidden=\"true\" class=\"wp-block-spacer\"><\/div>\n\n\n<div class=\"sdm_download_item \"><div class=\"sdm_download_item_top\"><div class=\"sdm_download_thumbnail\"><\/div><div class=\"sdm_download_title\">Kunterbunte Wimpelkette<\/div><\/div><div style=\"clear:both;\"><\/div><div class=\"sdm_download_description\"><p><img loading=\"lazy\" decoding=\"async\" class=\"alignnone size-medium wp-image-876 aligncenter\" src=\"https:\/\/heike-neumann.de\/wp-content\/uploads\/2022\/12\/kuntrebunte-Wichtelgirlande-vorschaubild-215x300.png\" alt=\"\" width=\"215\" height=\"300\" srcset=\"https:\/\/heike-neumann.de\/wp-content\/uploads\/2022\/12\/kuntrebunte-Wichtelgirlande-vorschaubild-215x300.png 215w, https:\/\/heike-neumann.de\/wp-content\/uploads\/2022\/12\/kuntrebunte-Wichtelgirlande-vorschaubild.png 584w\" sizes=\"auto, (max-width: 215px) 100vw, 215px\" \/><\/p>\n<\/div><div class=\"sdm_download_link\"><span class=\"sdm_download_button\"><a href=\"https:\/\/heike-neumann.de\/?sdm_process_download=1&#038;download_id=875\" class=\"sdm_download green\" title=\"Kunterbunte Wimpelkette\" target=\"_blank\">Jetzt herunterladen!<\/a><\/span><\/div><\/div><div class=\"sdm_clear_float\"><\/div>\n\n<div class=\"sdm_download_item \"><div class=\"sdm_download_item_top\"><div class=\"sdm_download_thumbnail\"><\/div><div class=\"sdm_download_title\">Silvesterdeko f\u00fcr Wichtel<\/div><\/div><div style=\"clear:both;\"><\/div><div class=\"sdm_download_description\"><p><img loading=\"lazy\" decoding=\"async\" class=\"alignnone size-medium wp-image-854 aligncenter\" src=\"https:\/\/heike-neumann.de\/wp-content\/uploads\/2022\/11\/Sylvesterdeko-Wichtel-vorschaubild-213x300.jpg\" alt=\"\" width=\"213\" height=\"300\" srcset=\"https:\/\/heike-neumann.de\/wp-content\/uploads\/2022\/11\/Sylvesterdeko-Wichtel-vorschaubild-213x300.jpg 213w, https:\/\/heike-neumann.de\/wp-content\/uploads\/2022\/11\/Sylvesterdeko-Wichtel-vorschaubild.jpg 606w\" sizes=\"auto, (max-width: 213px) 100vw, 213px\" \/><\/p>\n<\/div><div class=\"sdm_download_link\"><span class=\"sdm_download_button\"><a href=\"https:\/\/heike-neumann.de\/?sdm_process_download=1&#038;download_id=856\" class=\"sdm_download green\" title=\"Silvesterdeko f\u00fcr Wichtel\" target=\"_blank\">Jetzt herunterladen!<\/a><\/span><\/div><\/div><div class=\"sdm_clear_float\"><\/div>\n\n<div class=\"sdm_download_item \"><div class=\"sdm_download_item_top\"><div class=\"sdm_download_thumbnail\"><\/div><div class=\"sdm_download_title\">Wichtel-Geschenkt\u00fcte (Ausschneiden, zusammenkleben, Band befestigen, Fertig)<\/div><\/div><div style=\"clear:both;\"><\/div><div class=\"sdm_download_description\"><p><img loading=\"lazy\" decoding=\"async\" class=\"alignnone size-medium wp-image-845 aligncenter\" src=\"https:\/\/heike-neumann.de\/wp-content\/uploads\/2022\/11\/Vorschaubild-Geschenktuete-300x214.jpg\" alt=\"\" width=\"300\" height=\"214\" srcset=\"https:\/\/heike-neumann.de\/wp-content\/uploads\/2022\/11\/Vorschaubild-Geschenktuete-300x214.jpg 300w, https:\/\/heike-neumann.de\/wp-content\/uploads\/2022\/11\/Vorschaubild-Geschenktuete-768x549.jpg 768w, https:\/\/heike-neumann.de\/wp-content\/uploads\/2022\/11\/Vorschaubild-Geschenktuete.jpg 936w\" sizes=\"auto, (max-width: 300px) 100vw, 300px\" \/><\/p>\n<\/div><div class=\"sdm_download_link\"><span class=\"sdm_download_button\"><a href=\"https:\/\/heike-neumann.de\/?sdm_process_download=1&#038;download_id=851\" class=\"sdm_download green\" title=\"Wichtel-Geschenkt\u00fcte (Ausschneiden, zusammenkleben, Band befestigen, Fertig)\" target=\"_blank\">Jetzt herunterladen!<\/a><\/span><\/div><\/div><div class=\"sdm_clear_float\"><\/div>\n\n<div class=\"sdm_download_item \"><div class=\"sdm_download_item_top\"><div class=\"sdm_download_thumbnail\"><\/div><div class=\"sdm_download_title\">Wichtelstreiche zum Ausdrucken<\/div><\/div><div style=\"clear:both;\"><\/div><div class=\"sdm_download_description\"><p><img loading=\"lazy\" decoding=\"async\" class=\"alignnone size-medium wp-image-837 aligncenter\" src=\"https:\/\/heike-neumann.de\/wp-content\/uploads\/2022\/11\/Streiche-Vorschaubild-300x110.jpg\" alt=\"\" width=\"300\" height=\"110\" srcset=\"https:\/\/heike-neumann.de\/wp-content\/uploads\/2022\/11\/Streiche-Vorschaubild-300x110.jpg 300w, https:\/\/heike-neumann.de\/wp-content\/uploads\/2022\/11\/Streiche-Vorschaubild-1024x375.jpg 1024w, https:\/\/heike-neumann.de\/wp-content\/uploads\/2022\/11\/Streiche-Vorschaubild-768x281.jpg 768w, https:\/\/heike-neumann.de\/wp-content\/uploads\/2022\/11\/Streiche-Vorschaubild-1536x563.jpg 1536w, https:\/\/heike-neumann.de\/wp-content\/uploads\/2022\/11\/Streiche-Vorschaubild-1140x418.jpg 1140w, https:\/\/heike-neumann.de\/wp-content\/uploads\/2022\/11\/Streiche-Vorschaubild.jpg 1891w\" sizes=\"auto, (max-width: 300px) 100vw, 300px\" \/><\/p>\n<\/div><div class=\"sdm_download_link\"><span class=\"sdm_download_button\"><a href=\"https:\/\/heike-neumann.de\/?sdm_process_download=1&#038;download_id=836\" class=\"sdm_download green\" title=\"Wichtelstreiche zum Ausdrucken\" target=\"_blank\">Jetzt herunterladen!<\/a><\/span><\/div><\/div><div class=\"sdm_clear_float\"><\/div>\n\n<div class=\"sdm_download_item \"><div class=\"sdm_download_item_top\"><div class=\"sdm_download_thumbnail\"><\/div><div class=\"sdm_download_title\">Wichteluhren in 3 Designs in Wichtel- und Menschengr\u00f6\u00dfe<\/div><\/div><div style=\"clear:both;\"><\/div><div class=\"sdm_download_description\"><p><img loading=\"lazy\" decoding=\"async\" class=\"alignnone size-medium wp-image-860 aligncenter\" src=\"https:\/\/heike-neumann.de\/wp-content\/uploads\/2022\/12\/Wichteluhren-Vorschaubild-300x141.jpg\" alt=\"\" width=\"300\" height=\"141\" srcset=\"https:\/\/heike-neumann.de\/wp-content\/uploads\/2022\/12\/Wichteluhren-Vorschaubild-300x141.jpg 300w, https:\/\/heike-neumann.de\/wp-content\/uploads\/2022\/12\/Wichteluhren-Vorschaubild-1024x480.jpg 1024w, https:\/\/heike-neumann.de\/wp-content\/uploads\/2022\/12\/Wichteluhren-Vorschaubild-768x360.jpg 768w, https:\/\/heike-neumann.de\/wp-content\/uploads\/2022\/12\/Wichteluhren-Vorschaubild-1536x720.jpg 1536w, https:\/\/heike-neumann.de\/wp-content\/uploads\/2022\/12\/Wichteluhren-Vorschaubild-1140x534.jpg 1140w, https:\/\/heike-neumann.de\/wp-content\/uploads\/2022\/12\/Wichteluhren-Vorschaubild.jpg 1556w\" sizes=\"auto, (max-width: 300px) 100vw, 300px\" \/><\/p>\n<\/div><div class=\"sdm_download_link\"><span class=\"sdm_download_button\"><a href=\"https:\/\/heike-neumann.de\/?sdm_process_download=1&#038;download_id=861\" class=\"sdm_download green\" title=\"Wichteluhren in 3 Designs in Wichtel- und Menschengr\u00f6\u00dfe\" target=\"_blank\">Jetzt herunterladen!<\/a><\/span><\/div><\/div><div class=\"sdm_clear_float\"><\/div>\n\n<div class=\"sdm_download_item \"><div class=\"sdm_download_item_top\"><div class=\"sdm_download_thumbnail\"><\/div><div class=\"sdm_download_title\">Silvestergeschirr und mehr<\/div><\/div><div style=\"clear:both;\"><\/div><div class=\"sdm_download_description\"><p><img loading=\"lazy\" decoding=\"async\" class=\"alignnone size-medium wp-image-885 aligncenter\" src=\"https:\/\/heike-neumann.de\/wp-content\/uploads\/2022\/12\/Sylvestergeschirr-und-mehr-210x300.jpg\" alt=\"\" width=\"210\" height=\"300\" srcset=\"https:\/\/heike-neumann.de\/wp-content\/uploads\/2022\/12\/Sylvestergeschirr-und-mehr-210x300.jpg 210w, https:\/\/heike-neumann.de\/wp-content\/uploads\/2022\/12\/Sylvestergeschirr-und-mehr.jpg 567w\" sizes=\"auto, (max-width: 210px) 100vw, 210px\" \/><\/p>\n<\/div><div class=\"sdm_download_link\"><span class=\"sdm_download_button\"><a href=\"https:\/\/heike-neumann.de\/?sdm_process_download=1&#038;download_id=884\" class=\"sdm_download green\" title=\"Silvestergeschirr und mehr\" target=\"_blank\">Jetzt herunterladen!<\/a><\/span><\/div><\/div><div class=\"sdm_clear_float\"><\/div>\n\n<div class=\"sdm_download_item \"><div class=\"sdm_download_item_top\"><div class=\"sdm_download_thumbnail\"><\/div><div class=\"sdm_download_title\">Wichtelfrauteller in 3 Designs<\/div><\/div><div style=\"clear:both;\"><\/div><div class=\"sdm_download_description\"><p><img loading=\"lazy\" decoding=\"async\" class=\"alignnone size-medium wp-image-1026 aligncenter\" src=\"https:\/\/heike-neumann.de\/wp-content\/uploads\/2023\/01\/Wichtelfrauteller-in-3-Designs-vorschaubild-300x140.jpg\" alt=\"\" width=\"300\" height=\"140\" srcset=\"https:\/\/heike-neumann.de\/wp-content\/uploads\/2023\/01\/Wichtelfrauteller-in-3-Designs-vorschaubild-300x140.jpg 300w, https:\/\/heike-neumann.de\/wp-content\/uploads\/2023\/01\/Wichtelfrauteller-in-3-Designs-vorschaubild-1024x479.jpg 1024w, https:\/\/heike-neumann.de\/wp-content\/uploads\/2023\/01\/Wichtelfrauteller-in-3-Designs-vorschaubild-768x359.jpg 768w, https:\/\/heike-neumann.de\/wp-content\/uploads\/2023\/01\/Wichtelfrauteller-in-3-Designs-vorschaubild-1536x718.jpg 1536w, https:\/\/heike-neumann.de\/wp-content\/uploads\/2023\/01\/Wichtelfrauteller-in-3-Designs-vorschaubild-1140x533.jpg 1140w, https:\/\/heike-neumann.de\/wp-content\/uploads\/2023\/01\/Wichtelfrauteller-in-3-Designs-vorschaubild.jpg 1750w\" sizes=\"auto, (max-width: 300px) 100vw, 300px\" \/><\/p>\n<\/div><div class=\"sdm_download_link\"><span class=\"sdm_download_button\"><a href=\"https:\/\/heike-neumann.de\/?sdm_process_download=1&#038;download_id=1029\" class=\"sdm_download green\" title=\"Wichtelfrauteller in 3 Designs\" target=\"_blank\">Jetzt herunterladen!<\/a><\/span><\/div><\/div><div class=\"sdm_clear_float\"><\/div>\n\n<div class=\"sdm_download_item \"><div class=\"sdm_download_item_top\"><div class=\"sdm_download_thumbnail\"><\/div><div class=\"sdm_download_title\">Wichtelfrau-Uhr in 3 verschiedenen Designs<\/div><\/div><div style=\"clear:both;\"><\/div><div class=\"sdm_download_description\"><p><img loading=\"lazy\" decoding=\"async\" class=\"alignnone size-medium wp-image-1031 aligncenter\" src=\"https:\/\/heike-neumann.de\/wp-content\/uploads\/2023\/01\/Wichtelfrau-Uhr-in-3-Designs-vorschaubild-300x140.jpg\" alt=\"\" width=\"300\" height=\"140\" srcset=\"https:\/\/heike-neumann.de\/wp-content\/uploads\/2023\/01\/Wichtelfrau-Uhr-in-3-Designs-vorschaubild-300x140.jpg 300w, https:\/\/heike-neumann.de\/wp-content\/uploads\/2023\/01\/Wichtelfrau-Uhr-in-3-Designs-vorschaubild-1024x479.jpg 1024w, https:\/\/heike-neumann.de\/wp-content\/uploads\/2023\/01\/Wichtelfrau-Uhr-in-3-Designs-vorschaubild-768x359.jpg 768w, https:\/\/heike-neumann.de\/wp-content\/uploads\/2023\/01\/Wichtelfrau-Uhr-in-3-Designs-vorschaubild-1536x718.jpg 1536w, https:\/\/heike-neumann.de\/wp-content\/uploads\/2023\/01\/Wichtelfrau-Uhr-in-3-Designs-vorschaubild-1140x533.jpg 1140w, https:\/\/heike-neumann.de\/wp-content\/uploads\/2023\/01\/Wichtelfrau-Uhr-in-3-Designs-vorschaubild.jpg 1732w\" sizes=\"auto, (max-width: 300px) 100vw, 300px\" \/><\/p>\n<\/div><div class=\"sdm_download_link\"><span class=\"sdm_download_button\"><a href=\"https:\/\/heike-neumann.de\/?sdm_process_download=1&#038;download_id=1033\" class=\"sdm_download green\" title=\"Wichtelfrau-Uhr in 3 verschiedenen Designs\" target=\"_blank\">Jetzt herunterladen!<\/a><\/span><\/div><\/div><div class=\"sdm_clear_float\"><\/div>\n\n<div class=\"sdm_download_item \"><div class=\"sdm_download_item_top\"><div class=\"sdm_download_thumbnail\"><\/div><div class=\"sdm_download_title\">Wichtelfrau-Geschenkt\u00fcten in verschiedenen Gr\u00f6\u00dfen<\/div><\/div><div style=\"clear:both;\"><\/div><div class=\"sdm_download_description\"><p><img loading=\"lazy\" decoding=\"async\" class=\"alignnone size-medium wp-image-1024 aligncenter\" src=\"https:\/\/heike-neumann.de\/wp-content\/uploads\/2023\/01\/Wichtelfrau-Geschenktuete-vorschaubild-300x166.jpg\" alt=\"\" width=\"300\" height=\"166\" srcset=\"https:\/\/heike-neumann.de\/wp-content\/uploads\/2023\/01\/Wichtelfrau-Geschenktuete-vorschaubild-300x166.jpg 300w, https:\/\/heike-neumann.de\/wp-content\/uploads\/2023\/01\/Wichtelfrau-Geschenktuete-vorschaubild-768x424.jpg 768w, https:\/\/heike-neumann.de\/wp-content\/uploads\/2023\/01\/Wichtelfrau-Geschenktuete-vorschaubild.jpg 878w\" sizes=\"auto, (max-width: 300px) 100vw, 300px\" \/><\/p>\n<\/div><div class=\"sdm_download_link\"><span class=\"sdm_download_button\"><a href=\"https:\/\/heike-neumann.de\/?sdm_process_download=1&#038;download_id=1030\" class=\"sdm_download green\" title=\"Wichtelfrau-Geschenkt\u00fcten in verschiedenen Gr\u00f6\u00dfen\" target=\"_blank\">Jetzt herunterladen!<\/a><\/span><\/div><\/div><div class=\"sdm_clear_float\"><\/div>\n\n<div class=\"sdm_download_item \"><div class=\"sdm_download_item_top\"><div class=\"sdm_download_thumbnail\"><\/div><div class=\"sdm_download_title\">Wichtelige Geburtstagskarte<\/div><\/div><div style=\"clear:both;\"><\/div><div class=\"sdm_download_description\"><p><img loading=\"lazy\" decoding=\"async\" class=\"alignnone size-medium wp-image-1048 aligncenter\" src=\"https:\/\/heike-neumann.de\/wp-content\/uploads\/2023\/01\/Geburtstagskarte-Vorschaubild-215x300.jpg\" alt=\"\" width=\"215\" height=\"300\" srcset=\"https:\/\/heike-neumann.de\/wp-content\/uploads\/2023\/01\/Geburtstagskarte-Vorschaubild-215x300.jpg 215w, https:\/\/heike-neumann.de\/wp-content\/uploads\/2023\/01\/Geburtstagskarte-Vorschaubild.jpg 572w\" sizes=\"auto, (max-width: 215px) 100vw, 215px\" \/><\/p>\n<\/div><div class=\"sdm_download_link\"><span class=\"sdm_download_button\"><a href=\"https:\/\/heike-neumann.de\/?sdm_process_download=1&#038;download_id=1047\" class=\"sdm_download green\" title=\"Wichtelige Geburtstagskarte\" target=\"_blank\">Jetzt herunterladen!<\/a><\/span><\/div><\/div><div class=\"sdm_clear_float\"><\/div>\n\n<div class=\"sdm_download_item \"><div class=\"sdm_download_item_top\"><div class=\"sdm_download_thumbnail\"><\/div><div class=\"sdm_download_title\">Wichtelfrau-Geburtstagskarte<\/div><\/div><div style=\"clear:both;\"><\/div><div class=\"sdm_download_description\"><p><img loading=\"lazy\" decoding=\"async\" class=\"alignnone size-medium wp-image-1053 aligncenter\" src=\"https:\/\/heike-neumann.de\/wp-content\/uploads\/2023\/01\/Wichtelfrau-Geburtstagskarte-212x300.jpg\" alt=\"\" width=\"212\" height=\"300\" srcset=\"https:\/\/heike-neumann.de\/wp-content\/uploads\/2023\/01\/Wichtelfrau-Geburtstagskarte-212x300.jpg 212w, https:\/\/heike-neumann.de\/wp-content\/uploads\/2023\/01\/Wichtelfrau-Geburtstagskarte.jpg 562w\" sizes=\"auto, (max-width: 212px) 100vw, 212px\" \/><\/p>\n<\/div><div class=\"sdm_download_link\"><span class=\"sdm_download_button\"><a href=\"https:\/\/heike-neumann.de\/?sdm_process_download=1&#038;download_id=1052\" class=\"sdm_download green\" title=\"Wichtelfrau-Geburtstagskarte\" target=\"_blank\">Jetzt herunterladen!<\/a><\/span><\/div><\/div><div class=\"sdm_clear_float\"><\/div>","protected":false},"excerpt":{"rendered":"<p>Liebe Wichtelfreundinnen und Wichtelfreunde!Wenn ihr einen Wichtelgeburtstag f\u00fcr eure Kinder plant, dann habe ich einiges Material f\u00fcr euch: Zum einen findet ihr hier unten Wichtelt\u00fcten f\u00fcr die Sachen, die die G\u00e4ste mitnehmen sollen.Au\u00dferdem k\u00f6nntet ihr ja mit den G\u00e4sten das Wichteldorf basteln. Ich empfehle euch, den Bogen auf halber Gr\u00f6\u00dfe auszudrucken oder dickeres Papier zu nehmen.F\u00fcr das Buch &#8222;Fr\u00fchling in Pfifferlingen&#8220; gibt es eine Wichtel-Pflanzschale f\u00fcr Kresse, beim Ausmalen und Kleben k\u00f6nntet ihr Geschichten aus den Wichtelb\u00fcchern oder die 3 Geschichten (unter LESEPROBEN) vorlesen. Wenn ihr einen Wichtelgeburtstag machen wollt, dann schreibt mich an und ich schicke euch gratis eine Druckvorlage f\u00fcr ein kleines Heft zum Mitgeben mit Ausmalbildern, Geschichten und Mandalas. post@heike-neumann.de<\/p>\n","protected":false},"author":1,"featured_media":0,"parent":0,"menu_order":3,"comment_status":"closed","ping_status":"closed","template":"","meta":{"footnotes":""},"class_list":["post-980","page","type-page","status-publish","hentry"],"_links":{"self":[{"href":"https:\/\/heike-neumann.de\/index.php\/wp-json\/wp\/v2\/pages\/980","targetHints":{"allow":["GET"]}}],"collection":[{"href":"https:\/\/heike-neumann.de\/index.php\/wp-json\/wp\/v2\/pages"}],"about":[{"href":"https:\/\/heike-neumann.de\/index.php\/wp-json\/wp\/v2\/types\/page"}],"author":[{"embeddable":true,"href":"https:\/\/heike-neumann.de\/index.php\/wp-json\/wp\/v2\/users\/1"}],"replies":[{"embeddable":true,"href":"https:\/\/heike-neumann.de\/index.php\/wp-json\/wp\/v2\/comments?post=980"}],"version-history":[{"count":7,"href":"https:\/\/heike-neumann.de\/index.php\/wp-json\/wp\/v2\/pages\/980\/revisions"}],"predecessor-version":[{"id":2347,"href":"https:\/\/heike-neumann.de\/index.php\/wp-json\/wp\/v2\/pages\/980\/revisions\/2347"}],"wp:attachment":[{"href":"https:\/\/heike-neumann.de\/index.php\/wp-json\/wp\/v2\/media?parent=980"}],"curies":[{"name":"wp","href":"https:\/\/api.w.org\/{rel}","templated":true}]}}