{"id":959,"date":"2022-12-30T19:14:44","date_gmt":"2022-12-30T17:14:44","guid":{"rendered":"https:\/\/heike-neumann.de\/?page_id=959"},"modified":"2024-11-26T19:14:07","modified_gmt":"2024-11-26T17:14:07","slug":"preise-und-angebote","status":"publish","type":"page","link":"https:\/\/heike-neumann.de\/index.php\/preise-und-angebote\/","title":{"rendered":"Preise, Infos und Bestellungen"},"content":{"rendered":"\n<div style=\"height:18px\" aria-hidden=\"true\" class=\"wp-block-spacer\"><\/div>\n\n\n\n<p>Ich freue mich sehr, wenn wir uns mal auf einer <a href=\"https:\/\/heike-neumann.de\/index.php\/lesungen-bilderbuchkinos\/\" data-type=\"page\" data-id=\"690\">Lesung<\/a> begegnen!<br>Das ist f\u00fcr alle Beteiligen immer etwas ganz Besonderes und bleibt lange in Erinnerung.<br>Ich kann auf Fragen (der Kinder) gezielt reagieren und eine Autorin &#8222;zum Anfassen&#8220; sein.<br>Bei den Lesungen kann man meine B\u00fccher nat\u00fcrlich direkt erwerben, ansonsten gibt es <a href=\"https:\/\/www.blaulicht-verlag.de\/autoren\/heike-neumann\/\">HIER den Link zum Blaulicht-Verlag.<\/a> (versandkostenfrei)<\/p>\n\n\n\n<div style=\"height:15px\" aria-hidden=\"true\" class=\"wp-block-spacer\"><\/div>\n\n\n\n<p>Zu allen meinen B\u00fcchern gibt es jede Menge Bonusmaterial in Form von Ausmalbildern, Spielen, Bastelanleitungen und sogar ein ganzes Wichteldorf zum Ausdrucken, Anmalen, Hinstellen und Losspielen. Besonders f\u00fcr die kleinen Wichtel, die hinter ihren kleinen T\u00fcren an Fu\u00dfleisten oder in Wichtelh\u00e4usern wohnen, gibt es jede Menge Material unter dem Men\u00fcpunkt <a href=\"https:\/\/heike-neumann.de\/index.php\/wichtelsachen__trashed\/wichtelbuecher-und-co\/\" data-type=\"page\" data-id=\"1021\">Wichtelb\u00fccher und co<\/a><br>All diese Bonusmaterialien sind komplett gratis f\u00fcr alle zum Download bereit!<br>Ihr findet den Link dazu direkt auf den Seiten, auf der die B\u00fccher vorgestellt werden (s.u.)<\/p>\n\n\n\n<div style=\"height:19px\" aria-hidden=\"true\" class=\"wp-block-spacer\"><\/div>\n\n\n\n<p>Hier sind die B\u00fccher mit den Preisen aufgelistet:<br>(durch einen Klick auf die blaue Schrift gelangt man auf die Seite mit mehr Infos \u00fcber das Buch)<\/p>\n\n\n\n<div style=\"height:20px\" aria-hidden=\"true\" class=\"wp-block-spacer\"><\/div>\n\n\n\n<p><a href=\"https:\/\/heike-neumann.de\/index.php\/kinderbuecher\/amalia-kunterbunt\/\" data-type=\"page\" data-id=\"44\">&#8222;Amalia Kunterbunt&#8220;<\/a> 9,90 Euro<br><a href=\"https:\/\/heike-neumann.de\/index.php\/kinderbuecher\/marie-hat-tiere-im-kopf\/\" data-type=\"page\" data-id=\"60\">&#8222;Marie hat Tiere im Kopf&#8220;<\/a> 7,90 Euro<br><a href=\"https:\/\/heike-neumann.de\/index.php\/kinderbuecher\/zauberkaetzchen-kira\/\" data-type=\"page\" data-id=\"56\">&#8222;Zauberk\u00e4tzchen Kira&#8220;<\/a> 7,90 Euro<br><a href=\"https:\/\/heike-neumann.de\/index.php\/kinderbuecher\/geschichten-aus-pfifferlingen\/\" data-type=\"page\" data-id=\"398\">&#8222;Geschichten aus Pfifferlingen&#8220;<\/a> 12,90 Euro<br><a href=\"https:\/\/heike-neumann.de\/index.php\/kinderbuecher\/traumreime\/\" data-type=\"page\" data-id=\"708\">&#8222;Traumreime&#8220;<\/a> 7,90 Euro<br><a href=\"https:\/\/heike-neumann.de\/index.php\/kinderbuecher\/fruehling-in-pfifferlingen\/\" data-type=\"page\" data-id=\"1171\">&#8222;Fr\u00fchling in Pfifferlingen&#8220;<\/a> 9,90 Euro<br><a href=\"https:\/\/heike-neumann.de\/index.php\/kinderbuecher\/sommer-in-pfifferlingen\/\">&#8222;Sommer in Pfifferlingen&#8220;<\/a> 9,90 Euro<br>&#8222;<a href=\"https:\/\/heike-neumann.de\/index.php\/kinderbuecher\/urlaubsgeschichten-aus-pfifferlingen\/\">Urlaubsgeschichten aus Pfifferlingen&#8220;<\/a> 9,90 Euro<br>&#8222;<a href=\"https:\/\/heike-neumann.de\/index.php\/pfifferlingen-buecher\/herbst-in-pfifferlingen\/\" data-type=\"page\" data-id=\"1543\">Herbst in Pfifferlingen<\/a>&#8220; 9,90 Euro<br>&#8222;<a href=\"https:\/\/heike-neumann.de\/index.php\/pfifferlingen-buecher\/pfifferlingen-notizbuch\/\" data-type=\"page\" data-id=\"1567\">Pfifferlingen-Notizbuch<\/a>&#8220; 6,90 Euro<br>&#8222;<a href=\"https:\/\/heike-neumann.de\/index.php\/pfifferlingen-buecher\/winter-und-weihnachten-in-pfifferlingen\/\" data-type=\"page\" data-id=\"1559\">Winter und Weihnachten in Pfifferlingen<\/a>&#8220; 10 Euro (Budgetausgabe) 21,90 Euro (Normalausgabe)<\/p>\n\n\n\n<p>Alle diese B\u00fccher gibt es <a href=\"https:\/\/www.blaulicht-verlag.de\/autoren\/heike-neumann\/\" data-type=\"link\" data-id=\"https:\/\/www.blaulicht-verlag.de\/autoren\/heike-neumann\/\">HIER beim Blaulicht-Verlag<\/a> zu bestellen (Versandkostenfrei)<br><\/p>\n\n\n\n<p><br><a href=\"https:\/\/heike-neumann.de\/index.php\/kinderbuecher\/fiona-fuchs-und-die-weihnachtsvorbereitungen\/\" data-type=\"page\" data-id=\"510\">&#8222;Fiona Fuchs und die Weihnachtsvorbereitungen&#8220;<\/a>, <a href=\"https:\/\/heike-neumann.de\/index.php\/kinderbuecher\/benjamin-kaesekruemel-und-das-schaukelproblem\/\" data-type=\"page\" data-id=\"363\">&#8222;Benjamin K\u00e4sekr\u00fcmel und das Schaukelproblem&#8220;<\/a> und <a href=\"https:\/\/heike-neumann.de\/index.php\/kinderbuecher\/fussballtraeume\/\" data-type=\"page\" data-id=\"566\">&#8222;Fu\u00dfballtr\u00e4ume&#8220;<\/a> gibt es zur Zeit nur digital, bzw. bei mir zu beziehen. Bitte schreibt mir eine Mail.<\/p>\n\n\n\n<div style=\"height:22px\" aria-hidden=\"true\" class=\"wp-block-spacer\"><\/div>\n\n\n\n<p>Auch die <a href=\"https:\/\/heike-neumann.de\/index.php\/wichtelige-kleinigkeiten\/\" data-type=\"page\" data-id=\"2020\">wichteligen Kleinigkeiten<\/a> gibt es ausschlie\u00dflich bei mir, schreibt mir gerne an post@heike-neumann.de<\/p>\n\n\n\n<p><\/p>\n","protected":false},"excerpt":{"rendered":"<p>Ich freue mich sehr, wenn wir uns mal auf einer Lesung begegnen!Das ist f\u00fcr alle Beteiligen immer etwas ganz Besonderes und bleibt lange in Erinnerung.Ich kann auf Fragen (der Kinder) gezielt reagieren und eine Autorin &#8222;zum Anfassen&#8220; sein.Bei den Lesungen kann man meine B\u00fccher nat\u00fcrlich direkt erwerben, ansonsten gibt es HIER den Link zum Blaulicht-Verlag. (versandkostenfrei) Zu allen meinen B\u00fcchern gibt es jede Menge Bonusmaterial in Form von Ausmalbildern, Spielen, Bastelanleitungen und sogar ein ganzes Wichteldorf zum Ausdrucken, Anmalen, Hinstellen und Losspielen. Besonders f\u00fcr die kleinen Wichtel, die hinter ihren kleinen T\u00fcren an Fu\u00dfleisten oder in Wichtelh\u00e4usern wohnen, gibt es jede Menge Material unter dem Men\u00fcpunkt Wichtelb\u00fccher und coAll diese Bonusmaterialien sind komplett gratis f\u00fcr alle zum Download bereit!Ihr findet den Link dazu direkt auf den Seiten, auf der die B\u00fccher vorgestellt werden (s.u.) Hier sind die B\u00fccher mit den Preisen aufgelistet:(durch einen Klick auf die blaue Schrift gelangt man auf die Seite mit mehr Infos \u00fcber das Buch) &#8222;Amalia Kunterbunt&#8220; 9,90 Euro&#8222;Marie hat Tiere im Kopf&#8220; 7,90 Euro&#8222;Zauberk\u00e4tzchen Kira&#8220; 7,90 Euro&#8222;Geschichten aus Pfifferlingen&#8220; 12,90 Euro&#8222;Traumreime&#8220; 7,90 Euro&#8222;Fr\u00fchling in Pfifferlingen&#8220; 9,90 Euro&#8222;Sommer in Pfifferlingen&#8220; 9,90 Euro&#8222;Urlaubsgeschichten aus Pfifferlingen&#8220; 9,90 Euro&#8222;Herbst in Pfifferlingen&#8220; 9,90 Euro&#8222;Pfifferlingen-Notizbuch&#8220; 6,90 Euro&#8222;Winter und Weihnachten in Pfifferlingen&#8220; 10 Euro (Budgetausgabe) 21,90 Euro (Normalausgabe) Alle diese B\u00fccher gibt es HIER beim Blaulicht-Verlag zu bestellen (Versandkostenfrei) &#8222;Fiona Fuchs und die Weihnachtsvorbereitungen&#8220;, &#8222;Benjamin K\u00e4sekr\u00fcmel und das Schaukelproblem&#8220; und &#8222;Fu\u00dfballtr\u00e4ume&#8220; gibt es zur Zeit nur digital, bzw. bei mir zu beziehen. Bitte schreibt mir eine Mail. Auch die wichteligen Kleinigkeiten gibt es ausschlie\u00dflich bei mir, schreibt mir gerne an post@heike-neumann.de<\/p>\n","protected":false},"author":1,"featured_media":0,"parent":0,"menu_order":0,"comment_status":"closed","ping_status":"closed","template":"","meta":{"footnotes":""},"class_list":["post-959","page","type-page","status-publish","hentry"],"_links":{"self":[{"href":"https:\/\/heike-neumann.de\/index.php\/wp-json\/wp\/v2\/pages\/959","targetHints":{"allow":["GET"]}}],"collection":[{"href":"https:\/\/heike-neumann.de\/index.php\/wp-json\/wp\/v2\/pages"}],"about":[{"href":"https:\/\/heike-neumann.de\/index.php\/wp-json\/wp\/v2\/types\/page"}],"author":[{"embeddable":true,"href":"https:\/\/heike-neumann.de\/index.php\/wp-json\/wp\/v2\/users\/1"}],"replies":[{"embeddable":true,"href":"https:\/\/heike-neumann.de\/index.php\/wp-json\/wp\/v2\/comments?post=959"}],"version-history":[{"count":17,"href":"https:\/\/heike-neumann.de\/index.php\/wp-json\/wp\/v2\/pages\/959\/revisions"}],"predecessor-version":[{"id":2314,"href":"https:\/\/heike-neumann.de\/index.php\/wp-json\/wp\/v2\/pages\/959\/revisions\/2314"}],"wp:attachment":[{"href":"https:\/\/heike-neumann.de\/index.php\/wp-json\/wp\/v2\/media?parent=959"}],"curies":[{"name":"wp","href":"https:\/\/api.w.org\/{rel}","templated":true}]}}