{"id":690,"date":"2022-10-29T11:11:16","date_gmt":"2022-10-29T09:11:16","guid":{"rendered":"https:\/\/heike-neumann.de\/?page_id=690"},"modified":"2025-01-07T14:21:37","modified_gmt":"2025-01-07T12:21:37","slug":"lesungen-bilderbuchkinos","status":"publish","type":"page","link":"https:\/\/heike-neumann.de\/index.php\/lesungen-bilderbuchkinos\/","title":{"rendered":"Lesungen\/Bilderbuchkinos"},"content":{"rendered":"\n<div style=\"height:9px\" aria-hidden=\"true\" class=\"wp-block-spacer\"><\/div>\n\n\n\n<p>Lesungen sind etwas Besonderes!<br>Die Autorin zum Anschauen (und Anfassen), zum L\u00f6cher-in-den-Bauch-fragen und sich etwas Sch\u00f6nes ins Buch hineinschreiben lassen &#8211; das geht ganz prima auf Lesungen und Bilderbuchkinos!<\/p>\n\n\n\n<p><\/p>\n\n\n\n<p>Ich komme gerne f\u00fcr Lesungen, Fragestunden und \u00e4hnliches in Klassen, Schulen, Gemeinden, Bibliotheken und Hortgruppen. Meine Erfahrungen bzw. die R\u00fcckmeldungen der Lehrkr\u00e4fte zeigen deutlich, dass meine Besuche einen richtigen Schub und viel Motivation ausl\u00f6sen (gerade bei den ersten und zweiten Klassen), was das schreiben- und lesen-lernen betrifft.<\/p>\n\n\n\n<p>Die sch\u00f6nsten Lesungen sind die, bei denen die Familien gemeinsam zuh\u00f6ren und sich in magische Welten entf\u00fchren lassen k\u00f6nnen. Dabei entstehen Gespr\u00e4chsthemen, erlebte Begeisterung f\u00fcr das Lesen und es ist auch einfach eine gute gemeinsame Qualit\u00e4tszeit.<br><br>Meine Besuche sind gratis, allerdings w\u00fcrde ich mich \u00fcber die Fahrtkosten freuen und die M\u00f6glichkeit haben, einen B\u00fcchertisch hinzustellen, damit die Familien die B\u00fccher vom Blaulicht-Verlag ansehen k\u00f6nnen.<\/p>\n\n\n\n<p>Gerade f\u00fcr Klassen bzw. Hortgruppen, in denen zur Weihnachtszeit ein Wichtelchen wohnt, sind diese Lesungen perfekt geeignet!<\/p>\n\n\n\n<div style=\"height:16px\" aria-hidden=\"true\" class=\"wp-block-spacer\"><\/div>\n\n\n\n<p><strong>Terminliste:<\/strong><br><\/p>\n\n\n\n<p><\/p>\n\n\n\n<figure class=\"wp-block-table\"><table><tbody><tr><td>5.3.25<\/td><td>In der Sparkasse in Lesum<br>Bitte anmelden!<\/td><td><a href=\"https:\/\/spot-bremen.de\/events\/fruehling-in-pfifferlingen-geschichten-mit-wichteln-zwergen-und-trollen\/\">\u201eFr\u00fchling in Pfifferlingen\u201c &#8211; Geschichten mit Wichteln, Zwergen und Trollen &#8211; SPOT Bremen<\/a><\/td><\/tr><tr><td>19.3.25<\/td><td>In der Sparkasse in Schwachhausen<br>Bitte anmelden!<\/td><td><a href=\"https:\/\/spot-bremen.de\/events\/kinderlesung-fruehling-in-pfifferlingen\/\">Kinderlesung &#8211; Fr\u00fchling in Pfifferlingen &#8211; SPOT Bremen<\/a><\/td><\/tr><tr><td>9.4.25<\/td><td>In der Sparkasse in Horn<br>Bitte anmelden!<\/td><td><\/td><\/tr><tr><td><\/td><td><\/td><td><\/td><\/tr><tr><td><\/td><td><\/td><td><\/td><\/tr><tr><td><\/td><td><\/td><td><\/td><\/tr><tr><td><\/td><td><\/td><td><\/td><\/tr><\/tbody><\/table><\/figure>\n\n\n\n<p><\/p>\n\n\n\n<p><\/p>\n\n\n\n<p>Ich freue mich immer sehr \u00fcber Einladungen! <\/p>\n\n\n\n<div style=\"height:37px\" aria-hidden=\"true\" class=\"wp-block-spacer\"><\/div>\n\n\n\n<p>Folgende Lesungen sind m\u00f6glich, aber es sind auch Kombinationen denkbar. Einfach eine Mail schreiben und die eigene Idee anfragen!<br><br><\/p>\n\n\n\n<div style=\"height:18px\" aria-hidden=\"true\" class=\"wp-block-spacer\"><\/div>\n\n\n\n<p class=\"has-pale-cyan-blue-background-color has-background\">Familienaktion \u201eWichtel, Zwerge und Trolle\u201c<\/p>\n\n\n\n<p>Aus dem Buch \u201eGeschichten aus Pfifferlingen&#8220; (oder thematisch passend aus einem der anderen Pfifferlingen-B\u00fccher, je nach Jahreszeit) wird vorgelesen, Eltern\/Gro\u00dfeltern k\u00f6nnen mit den Kindern gemeinsam w\u00e4hrenddessen Ausmalbilder gestalten, eine wichtelige Kresseschale basteln oder ein Wichteldorf basteln, anmalen und dann mit nach Hause nehmen. (Zielgruppe: Kinder ab 5 Jahren und ihre Familien)<\/p>\n\n\n\n<div style=\"height:18px\" aria-hidden=\"true\" class=\"wp-block-spacer\"><\/div>\n\n\n\n<p class=\"has-pale-cyan-blue-background-color has-background\">Bilderbuchkino \u201eBenjamin K\u00e4sekr\u00fcmel und das Schaukelproblem\u201c<\/p>\n\n\n\n<p>(Zielgruppe Kindergartenkinder und deren Familien)<br>Auch hier k\u00f6nnte ein Bastelangebot integriert sein, alternativ Ausmalbilder<br>Die Bilder werden im Format A3 mitgebracht, alternativ mit dem Beamer an eine Leinwand geworfen.<br>Dieses Bilderbuchkino eignet sich sehr z.B. f\u00fcr den Sommerfestabschluss auf einem Spielplatz<\/p>\n\n\n\n<div style=\"height:12px\" aria-hidden=\"true\" class=\"wp-block-spacer\"><\/div>\n\n\n\n<p class=\"has-pale-cyan-blue-background-color has-background\">Bilderbuchkino \u201eFiona Fuchs und die Weihnachtsvorbereitungen\u201c<\/p>\n\n\n\n<p>Die Bilder werden im Format A3 mitgebracht, alternativ mit dem Beamer an eine Leinwand geworfen.<br>Ausmalbilder sind auch hier m\u00f6glich<\/p>\n\n\n\n<div style=\"height:15px\" aria-hidden=\"true\" class=\"wp-block-spacer\"><\/div>\n\n\n\n<p class=\"has-pale-cyan-blue-background-color has-background\">Bilderbuchkino \u201eMarie hat Tiere im Kopf\u201c<\/p>\n\n\n\n<p><\/p>\n\n\n\n<p>Thema Gef\u00fchle\/Gef\u00fchlsregulation bei Kindern ab 2 Jahren.<br>Die Bilder werden im Format A3 mitgebracht, alternativ mit dem Beamer an eine Leinwand geworfen.<br>(Mit Beamer und Leinwand gerne ab sofort, gro\u00dfformatige Bilder erst ab M\u00e4rz 2023)<br>Dazu gibt es als pdf-Dokument ein Memory zum Ausdrucken<\/p>\n\n\n\n<div style=\"height:18px\" aria-hidden=\"true\" class=\"wp-block-spacer\"><\/div>\n\n\n\n<p class=\"has-pale-cyan-blue-background-color has-background\">Bilderbuchkino \u201eZauberk\u00e4tzchen Kira\u201c<\/p>\n\n\n\n<p><\/p>\n\n\n\n<p>Thema Anziehen\/Umziehen f\u00fcr Kinder im Alter von ca. 2-4 Jahren<br>Die Bilder werden im Format A3 mitgebracht, alternativ mit dem Beamer an eine Leinwand geworfen.<br>Ausmalbilder sind auch hier verf\u00fcgbar<\/p>\n\n\n\n<div style=\"height:18px\" aria-hidden=\"true\" class=\"wp-block-spacer\"><\/div>\n\n\n\n<p class=\"has-pale-cyan-blue-background-color has-background\">Bilderbuchkino \u201eAmalia Kunterbunt\u201c<\/p>\n\n\n\n<p>Thema Kreativit\u00e4t, Hobbys, Begabungen, Wertsch\u00e4tzung und bunte Gesellschaft<br>f\u00fcr Kinder ab 4 Jahren<br>(Mit Beamer und Leinwand gerne ab sofort, gro\u00dfformatige Bilder erst ab M\u00e4rz 2023)<br>Ausmalbilder und anschlie\u00dfendes \u00dcberlegen: Welche Begabungen habe ich? Was kann ich gut?<\/p>\n\n\n\n<div style=\"height:32px\" aria-hidden=\"true\" class=\"wp-block-spacer\"><\/div>\n\n\n\n<p>Diese Lesungen sind grunds\u00e4tzlich kostenlos, ich bitte aber um eine Spende\/Aufwandsentsch\u00e4digung (Hut geht herum).<\/p>\n\n\n\n<p>Alle Lesungen sind erfahrungsgem\u00e4\u00df f\u00fcr die ganze Familie und als gemeinsame Aktion mit den Eltern\/Gro\u00dfeltern bestens geeignet. An die Lesung ist ein B\u00fcchertisch\/Verkauf angeschlossen, nat\u00fcrlich auch mit Signierstunde, falls gew\u00fcnscht.<\/p>\n\n\n\n<p>Beamer\/Leinwand und ggf. Bastelmaterial (z.B.) Ausmalbilder bringt bitte die Einrichtung mit.<\/p>\n\n\n\n<p>Die dazugeh\u00f6rigen pdf-Dokumente gibt es von Heike Neumann fr\u00fchzeitig per Mail.<br>Auch Plakate zum Aush\u00e4ngen, Infobrief usw. kommen zeitnah nach Verabredung auf die Veranstaltung zugeschnitten per Mail.<\/p>\n","protected":false},"excerpt":{"rendered":"<p>Lesungen sind etwas Besonderes!Die Autorin zum Anschauen (und Anfassen), zum L\u00f6cher-in-den-Bauch-fragen und sich etwas Sch\u00f6nes ins Buch hineinschreiben lassen &#8211; das geht ganz prima auf Lesungen und Bilderbuchkinos! Ich komme gerne f\u00fcr Lesungen, Fragestunden und \u00e4hnliches in Klassen, Schulen, Gemeinden, Bibliotheken und Hortgruppen. Meine Erfahrungen bzw. die R\u00fcckmeldungen der Lehrkr\u00e4fte zeigen deutlich, dass meine Besuche einen richtigen Schub und viel Motivation ausl\u00f6sen (gerade bei den ersten und zweiten Klassen), was das schreiben- und lesen-lernen betrifft. Die sch\u00f6nsten Lesungen sind die, bei denen die Familien gemeinsam zuh\u00f6ren und sich in magische Welten entf\u00fchren lassen k\u00f6nnen. Dabei entstehen Gespr\u00e4chsthemen, erlebte Begeisterung f\u00fcr das Lesen und es ist auch einfach eine gute gemeinsame Qualit\u00e4tszeit. Meine Besuche sind gratis, allerdings w\u00fcrde ich mich \u00fcber die Fahrtkosten freuen und die M\u00f6glichkeit haben, einen B\u00fcchertisch hinzustellen, damit die Familien die B\u00fccher vom Blaulicht-Verlag ansehen k\u00f6nnen. Gerade f\u00fcr Klassen bzw. Hortgruppen, in denen zur Weihnachtszeit ein Wichtelchen wohnt, sind diese Lesungen perfekt geeignet! Terminliste: 5.3.25 In der Sparkasse in LesumBitte anmelden! \u201eFr\u00fchling in Pfifferlingen\u201c &#8211; Geschichten mit Wichteln, Zwergen und Trollen &#8211; SPOT Bremen 19.3.25 In der Sparkasse in SchwachhausenBitte anmelden! Kinderlesung &#8211; Fr\u00fchling in Pfifferlingen &#8211; SPOT Bremen 9.4.25 In der Sparkasse in HornBitte anmelden! Ich freue mich immer sehr \u00fcber Einladungen! Folgende Lesungen sind m\u00f6glich, aber es sind auch Kombinationen denkbar. Einfach eine Mail schreiben und die eigene Idee anfragen! Familienaktion \u201eWichtel, Zwerge und Trolle\u201c Aus dem Buch \u201eGeschichten aus Pfifferlingen&#8220; (oder thematisch passend aus einem der anderen Pfifferlingen-B\u00fccher, je nach Jahreszeit) wird vorgelesen, Eltern\/Gro\u00dfeltern k\u00f6nnen mit den Kindern gemeinsam w\u00e4hrenddessen Ausmalbilder gestalten, eine wichtelige Kresseschale basteln oder ein Wichteldorf basteln, anmalen und dann mit nach Hause nehmen. (Zielgruppe: Kinder ab 5 Jahren und ihre Familien) Bilderbuchkino \u201eBenjamin K\u00e4sekr\u00fcmel und das Schaukelproblem\u201c (Zielgruppe Kindergartenkinder und deren Familien)Auch hier k\u00f6nnte ein Bastelangebot integriert sein, alternativ AusmalbilderDie Bilder werden im Format A3 mitgebracht, alternativ mit dem Beamer an eine Leinwand geworfen.Dieses Bilderbuchkino eignet sich sehr z.B. f\u00fcr den Sommerfestabschluss auf einem Spielplatz Bilderbuchkino \u201eFiona Fuchs und die Weihnachtsvorbereitungen\u201c Die Bilder werden im Format A3 mitgebracht, alternativ mit dem Beamer an eine Leinwand geworfen.Ausmalbilder sind auch hier m\u00f6glich Bilderbuchkino \u201eMarie hat Tiere im Kopf\u201c Thema Gef\u00fchle\/Gef\u00fchlsregulation bei Kindern ab 2 Jahren.Die Bilder werden im Format A3 mitgebracht, alternativ mit dem Beamer an eine Leinwand geworfen.(Mit Beamer und Leinwand gerne ab sofort, gro\u00dfformatige Bilder erst ab M\u00e4rz 2023)Dazu gibt es als pdf-Dokument ein Memory zum Ausdrucken Bilderbuchkino \u201eZauberk\u00e4tzchen Kira\u201c Thema Anziehen\/Umziehen f\u00fcr Kinder im Alter von ca. 2-4 JahrenDie Bilder werden im Format A3 mitgebracht, alternativ mit dem Beamer an eine Leinwand geworfen.Ausmalbilder sind auch hier verf\u00fcgbar Bilderbuchkino \u201eAmalia Kunterbunt\u201c Thema Kreativit\u00e4t, Hobbys, Begabungen, Wertsch\u00e4tzung und bunte Gesellschaftf\u00fcr Kinder ab 4 Jahren(Mit Beamer und Leinwand gerne ab sofort, gro\u00dfformatige Bilder erst ab M\u00e4rz 2023)Ausmalbilder und anschlie\u00dfendes \u00dcberlegen: Welche Begabungen habe ich? Was kann ich gut? Diese Lesungen sind grunds\u00e4tzlich kostenlos, ich bitte aber um eine Spende\/Aufwandsentsch\u00e4digung (Hut geht herum). Alle Lesungen sind erfahrungsgem\u00e4\u00df f\u00fcr die ganze Familie und als gemeinsame Aktion mit den Eltern\/Gro\u00dfeltern bestens geeignet. An die Lesung ist ein B\u00fcchertisch\/Verkauf angeschlossen, nat\u00fcrlich auch mit Signierstunde, falls gew\u00fcnscht. Beamer\/Leinwand und ggf. Bastelmaterial (z.B.) Ausmalbilder bringt bitte die Einrichtung mit. Die dazugeh\u00f6rigen pdf-Dokumente gibt es von Heike Neumann fr\u00fchzeitig per Mail.Auch Plakate zum Aush\u00e4ngen, Infobrief usw. kommen zeitnah nach Verabredung auf die Veranstaltung zugeschnitten per Mail.<\/p>\n","protected":false},"author":1,"featured_media":0,"parent":0,"menu_order":0,"comment_status":"closed","ping_status":"closed","template":"","meta":{"footnotes":""},"class_list":["post-690","page","type-page","status-publish","hentry"],"_links":{"self":[{"href":"https:\/\/heike-neumann.de\/index.php\/wp-json\/wp\/v2\/pages\/690","targetHints":{"allow":["GET"]}}],"collection":[{"href":"https:\/\/heike-neumann.de\/index.php\/wp-json\/wp\/v2\/pages"}],"about":[{"href":"https:\/\/heike-neumann.de\/index.php\/wp-json\/wp\/v2\/types\/page"}],"author":[{"embeddable":true,"href":"https:\/\/heike-neumann.de\/index.php\/wp-json\/wp\/v2\/users\/1"}],"replies":[{"embeddable":true,"href":"https:\/\/heike-neumann.de\/index.php\/wp-json\/wp\/v2\/comments?post=690"}],"version-history":[{"count":49,"href":"https:\/\/heike-neumann.de\/index.php\/wp-json\/wp\/v2\/pages\/690\/revisions"}],"predecessor-version":[{"id":2400,"href":"https:\/\/heike-neumann.de\/index.php\/wp-json\/wp\/v2\/pages\/690\/revisions\/2400"}],"wp:attachment":[{"href":"https:\/\/heike-neumann.de\/index.php\/wp-json\/wp\/v2\/media?parent=690"}],"curies":[{"name":"wp","href":"https:\/\/api.w.org\/{rel}","templated":true}]}}