{"id":25,"date":"2022-06-24T13:27:21","date_gmt":"2022-06-24T13:27:21","guid":{"rendered":"https:\/\/heike-neumann.de\/?page_id=25"},"modified":"2023-03-01T13:26:37","modified_gmt":"2023-03-01T11:26:37","slug":"kurzgeschichten-fuer-kinder","status":"publish","type":"page","link":"https:\/\/heike-neumann.de\/index.php\/kurzgeschichten-fuer-kinder\/","title":{"rendered":"Leseproben"},"content":{"rendered":"\n<div style=\"height:100px\" aria-hidden=\"true\" class=\"wp-block-spacer\"><\/div>\n\n\n\n<p><a href=\"https:\/\/heike-neumann.de\/index.php\/kurzgeschichten-fuer-kinder\/willkommen-im-wichtelland\/\">Willkommen in Pfifferlingen<\/a> <br>(Vier kurze Geschichten, weitere sind in <a href=\"https:\/\/heike-neumann.de\/index.php\/kinderbuecher\/geschichten-aus-pfifferlingen\/\" data-type=\"page\" data-id=\"398\">&#8222;Geschichten aus Pfifferlingen&#8220;<\/a>  oder <a href=\"https:\/\/heike-neumann.de\/index.php\/kinderbuecher\/fruehling-in-pfifferlingen\/\" data-type=\"page\" data-id=\"1171\">&#8222;Fr\u00fchling in Pfifferlingen&#8220;<\/a> ver\u00f6ffentlicht)<\/p>\n\n\n\n<div style=\"height:18px\" aria-hidden=\"true\" class=\"wp-block-spacer\"><\/div>\n\n\n\n<p><a href=\"https:\/\/heike-neumann.de\/index.php\/kurzgeschichten-fuer-kinder\/das-ein\/\">Das Ein<\/a><\/p>\n\n\n\n<div style=\"height:13px\" aria-hidden=\"true\" class=\"wp-block-spacer\"><\/div>\n\n\n\n<p><a href=\"https:\/\/heike-neumann.de\/index.php\/kurzgeschichten-fuer-kinder\/ab-ins-bett\/\">Traumreime<\/a> (Gedichte rund um den Schlaf) <\/p>\n\n\n\n<div style=\"height:15px\" aria-hidden=\"true\" class=\"wp-block-spacer\"><\/div>\n\n\n\n<p><a href=\"https:\/\/heike-neumann.de\/index.php\/kurzgeschichten-fuer-kinder\/leseprobe-amalia-kunterbunt\/\" data-type=\"page\" data-id=\"571\">Ein Kapitel aus &#8222;Amalia Kunterbunt&#8220;<\/a><\/p>\n\n\n\n<div style=\"height:14px\" aria-hidden=\"true\" class=\"wp-block-spacer\"><\/div>\n\n\n\n<p><a href=\"https:\/\/heike-neumann.de\/index.php\/kurzgeschichten-fuer-kinder\/leseprobe-benjamin-kaesekruemel-und-das-schaukelproblem\/\" data-type=\"page\" data-id=\"575\">Der Buchanfang zu &#8222;Benjamin K\u00e4sekr\u00fcmel und das Schaukelproblem&#8220;<\/a><\/p>\n\n\n\n<div style=\"height:14px\" aria-hidden=\"true\" class=\"wp-block-spacer\"><\/div>\n\n\n\n<p><a href=\"https:\/\/heike-neumann.de\/index.php\/kurzgeschichten-fuer-kinder\/__trashed\/\" data-type=\"page\" data-id=\"586\">Die Geschichte &#8222;Fiona Fuchs und die Weihnachtsvorbereitungen&#8220;<\/a><\/p>\n\n\n\n<div style=\"height:13px\" aria-hidden=\"true\" class=\"wp-block-spacer\"><\/div>\n\n\n\n<p><a href=\"https:\/\/heike-neumann.de\/index.php\/kurzgeschichten-fuer-kinder\/eulen-ueber-eulen-eine-harry-potter-fanfiktion-fuer-kinder\/\">Eulen \u00fcber Eulen (Eine Harry-Potter-Fanfiktion f\u00fcr Kinder)<\/a><\/p>\n\n\n\n<div style=\"height:14px\" aria-hidden=\"true\" class=\"wp-block-spacer\"><\/div>\n\n\n\n<p>Geschichten mit christlichem Hintergrund:<\/p>\n\n\n\n<div style=\"height:12px\" aria-hidden=\"true\" class=\"wp-block-spacer\"><\/div>\n\n\n\n<p>                 <a href=\"https:\/\/heike-neumann.de\/index.php\/kurzgeschichten-fuer-kinder\/zachaeus-aus-der-sicht-einer-taube\/\" data-type=\"page\" data-id=\"721\">Zach\u00e4us aus der Sicht einer Taube<\/a><\/p>\n\n\n\n<div style=\"height:15px\" aria-hidden=\"true\" class=\"wp-block-spacer\"><\/div>\n\n\n\n<p>                  <a href=\"https:\/\/heike-neumann.de\/index.php\/kurzgeschichten-fuer-kinder\/als-noah-eine-ausnahme-machte\/\" data-type=\"URL\" data-id=\"https:\/\/heike-neumann.de\/index.php\/kurzgeschichten-fuer-kinder\/als-noah-eine-ausnahme-machte\/\">Als Noah eine Ausnahme machte<\/a><\/p>\n\n\n\n<div style=\"height:19px\" aria-hidden=\"true\" class=\"wp-block-spacer\"><\/div>\n\n\n\n<p><\/p>\n","protected":false},"excerpt":{"rendered":"<p>Willkommen in Pfifferlingen (Vier kurze Geschichten, weitere sind in &#8222;Geschichten aus Pfifferlingen&#8220; oder &#8222;Fr\u00fchling in Pfifferlingen&#8220; ver\u00f6ffentlicht) Das Ein Traumreime (Gedichte rund um den Schlaf) Ein Kapitel aus &#8222;Amalia Kunterbunt&#8220; Der Buchanfang zu &#8222;Benjamin K\u00e4sekr\u00fcmel und das Schaukelproblem&#8220; Die Geschichte &#8222;Fiona Fuchs und die Weihnachtsvorbereitungen&#8220; Eulen \u00fcber Eulen (Eine Harry-Potter-Fanfiktion f\u00fcr Kinder) Geschichten mit christlichem Hintergrund: Zach\u00e4us aus der Sicht einer Taube Als Noah eine Ausnahme machte<\/p>\n","protected":false},"author":1,"featured_media":0,"parent":0,"menu_order":0,"comment_status":"closed","ping_status":"closed","template":"","meta":{"footnotes":""},"class_list":["post-25","page","type-page","status-publish","hentry"],"_links":{"self":[{"href":"https:\/\/heike-neumann.de\/index.php\/wp-json\/wp\/v2\/pages\/25","targetHints":{"allow":["GET"]}}],"collection":[{"href":"https:\/\/heike-neumann.de\/index.php\/wp-json\/wp\/v2\/pages"}],"about":[{"href":"https:\/\/heike-neumann.de\/index.php\/wp-json\/wp\/v2\/types\/page"}],"author":[{"embeddable":true,"href":"https:\/\/heike-neumann.de\/index.php\/wp-json\/wp\/v2\/users\/1"}],"replies":[{"embeddable":true,"href":"https:\/\/heike-neumann.de\/index.php\/wp-json\/wp\/v2\/comments?post=25"}],"version-history":[{"count":26,"href":"https:\/\/heike-neumann.de\/index.php\/wp-json\/wp\/v2\/pages\/25\/revisions"}],"predecessor-version":[{"id":1369,"href":"https:\/\/heike-neumann.de\/index.php\/wp-json\/wp\/v2\/pages\/25\/revisions\/1369"}],"wp:attachment":[{"href":"https:\/\/heike-neumann.de\/index.php\/wp-json\/wp\/v2\/media?parent=25"}],"curies":[{"name":"wp","href":"https:\/\/api.w.org\/{rel}","templated":true}]}}