{"id":23,"date":"2022-06-24T13:26:37","date_gmt":"2022-06-24T13:26:37","guid":{"rendered":"https:\/\/heike-neumann.de\/?page_id=23"},"modified":"2024-08-22T15:53:13","modified_gmt":"2024-08-22T13:53:13","slug":"kinderbuecher","status":"publish","type":"page","link":"https:\/\/heike-neumann.de\/index.php\/kinderbuecher\/","title":{"rendered":"Bilderb\u00fccher"},"content":{"rendered":"\n<div style=\"height:26px\" aria-hidden=\"true\" class=\"wp-block-spacer\"><\/div>\n\n\n\n<p>F\u00fcr die Kleinen (ab 2 Jahren) bis in die Grundschulzeit hinein sind Bilderb\u00fccher einfach gro\u00dfartig!<br>Sie er\u00f6ffnen eine Welt voller Staunen, Wunder und Magie, laden zum Nachdenken und Tr\u00e4umen ein und erweitern den Horizont<\/p>\n\n\n\n<p>Viel Spa\u00df beim St\u00f6bern!<\/p>\n\n\n\n<div style=\"height:35px\" aria-hidden=\"true\" class=\"wp-block-spacer\"><\/div>\n\n\n<div class=\"wp-block-image\">\n<figure class=\"aligncenter size-large is-resized\"><img loading=\"lazy\" decoding=\"async\" width=\"1024\" height=\"724\" src=\"https:\/\/heike-neumann.de\/wp-content\/uploads\/2024\/08\/Titelloses-553-18-1024x724.jpg\" alt=\"\" class=\"wp-image-1999\" style=\"width:549px;height:auto\" srcset=\"https:\/\/heike-neumann.de\/wp-content\/uploads\/2024\/08\/Titelloses-553-18-1024x724.jpg 1024w, https:\/\/heike-neumann.de\/wp-content\/uploads\/2024\/08\/Titelloses-553-18-300x212.jpg 300w, https:\/\/heike-neumann.de\/wp-content\/uploads\/2024\/08\/Titelloses-553-18-768x543.jpg 768w, https:\/\/heike-neumann.de\/wp-content\/uploads\/2024\/08\/Titelloses-553-18-1536x1086.jpg 1536w, https:\/\/heike-neumann.de\/wp-content\/uploads\/2024\/08\/Titelloses-553-18-1140x806.jpg 1140w, https:\/\/heike-neumann.de\/wp-content\/uploads\/2024\/08\/Titelloses-553-18.jpg 1754w\" sizes=\"auto, (max-width: 1024px) 100vw, 1024px\" \/><\/figure>\n<\/div>\n\n\n<div style=\"height:7px\" aria-hidden=\"true\" class=\"wp-block-spacer\"><\/div>\n\n\n\n<p><strong><a href=\"https:\/\/heike-neumann.de\/index.php\/familie-regenbogenbunt\/\" data-type=\"page\" data-id=\"2269\">Familie Regenbogenbunt<\/a><\/strong><\/p>\n\n\n\n<p>Es gibt viele unterschiedliche Familienkonstellationen und Kinder erleben dieses in ihren Kindergartengruppen, Schulklassen und in der Nachbarschaft. Sie lernen diese Diversit\u00e4t als Normalit\u00e4t kennen. Es ist nicht wichtig, bei wem die Kinder aufwachsen, sondern nur, dass sie gesehen und geliebt werden.<\/p>\n\n\n\n<p>Sie m\u00fcssen Menschen und Beziehungen erleben, die gl\u00fccklich sind.<\/p>\n\n\n\n<p>Dieses Buch stellt mit einfachen Worten und klaren Bildern verschiedene<br>Konstellationen vor und betont, dass alle diese Beziehungen gute Familien sind, auch wenn sie sich von der herk\u00f6mmlichen Vater-Mutter-Kind-Familie unterschieden.<\/p>\n\n\n\n<div style=\"height:28px\" aria-hidden=\"true\" class=\"wp-block-spacer\"><\/div>\n\n\n<div class=\"wp-block-image\">\n<figure class=\"aligncenter size-large is-resized\"><img loading=\"lazy\" decoding=\"async\" width=\"1024\" height=\"1024\" src=\"https:\/\/heike-neumann.de\/wp-content\/uploads\/2022\/11\/kira-kleiner-1024x1024.jpg\" alt=\"\" class=\"wp-image-731\" style=\"width:389px;height:auto\" srcset=\"https:\/\/heike-neumann.de\/wp-content\/uploads\/2022\/11\/kira-kleiner-1024x1024.jpg 1024w, https:\/\/heike-neumann.de\/wp-content\/uploads\/2022\/11\/kira-kleiner-300x300.jpg 300w, https:\/\/heike-neumann.de\/wp-content\/uploads\/2022\/11\/kira-kleiner-150x150.jpg 150w, https:\/\/heike-neumann.de\/wp-content\/uploads\/2022\/11\/kira-kleiner-768x768.jpg 768w, https:\/\/heike-neumann.de\/wp-content\/uploads\/2022\/11\/kira-kleiner-1536x1536.jpg 1536w, https:\/\/heike-neumann.de\/wp-content\/uploads\/2022\/11\/kira-kleiner.jpg 2048w, https:\/\/heike-neumann.de\/wp-content\/uploads\/2022\/11\/kira-kleiner-1140x1140.jpg 1140w, https:\/\/heike-neumann.de\/wp-content\/uploads\/2022\/11\/kira-kleiner-75x75.jpg 75w\" sizes=\"auto, (max-width: 1024px) 100vw, 1024px\" \/><\/figure>\n<\/div>\n\n\n<p>Ab 2 Jahren: <a href=\"https:\/\/heike-neumann.de\/index.php\/kinderbuecher\/zauberkaetzchen-kira\/\" data-type=\"page\" data-id=\"56\">Zauberk\u00e4tzchen Kira<\/a> &#8211; Eine Katze will sich anziehen, doch der Katzenzauberer hat ihre Kleidung lustig verzaubert! Ein tolles Buch f\u00fcr alle Kinder, die gerade das Thema Anziehen\/Umziehen spannend finden, Katzen m\u00f6gen und sich gerne \u00fcberraschen lassen.<br>Mit diesem Buch kann das Anziehen auf lustige und kurzweilige Art ge\u00fcbt werden.<br><a href=\"https:\/\/www.blaulicht-verlag.de\/online-shop\/zauberk%C3%A4tzchen-kira\/#cc-m-product-12158561221\">HIER geht es direkt zur Bestellm\u00f6glichkeit beim Blaulicht-Verlag<\/a><br><a href=\"https:\/\/heike-neumann.de\/index.php\/bonusmaterial\/bonusmaterial-zu-zauberkaetzchen-kira\/\" data-type=\"page\" data-id=\"81\">HIER gelangt ihr zu den Ausmalbildern f\u00fcr Zauberk\u00e4tzchen Kira<\/a><\/p>\n\n\n\n<p><\/p>\n\n\n\n<div style=\"height:24px\" aria-hidden=\"true\" class=\"wp-block-spacer\"><\/div>\n\n\n<div class=\"wp-block-image\">\n<figure class=\"aligncenter size-large is-resized\"><img loading=\"lazy\" decoding=\"async\" width=\"710\" height=\"1024\" src=\"https:\/\/heike-neumann.de\/wp-content\/uploads\/2022\/11\/Marie-kleiner-710x1024.jpg\" alt=\"\" class=\"wp-image-732\" style=\"width:347px;height:auto\" srcset=\"https:\/\/heike-neumann.de\/wp-content\/uploads\/2022\/11\/Marie-kleiner-710x1024.jpg 710w, https:\/\/heike-neumann.de\/wp-content\/uploads\/2022\/11\/Marie-kleiner-208x300.jpg 208w, https:\/\/heike-neumann.de\/wp-content\/uploads\/2022\/11\/Marie-kleiner-768x1108.jpg 768w, https:\/\/heike-neumann.de\/wp-content\/uploads\/2022\/11\/Marie-kleiner-1065x1536.jpg 1065w, https:\/\/heike-neumann.de\/wp-content\/uploads\/2022\/11\/Marie-kleiner-1140x1644.jpg 1140w, https:\/\/heike-neumann.de\/wp-content\/uploads\/2022\/11\/Marie-kleiner.jpg 1420w\" sizes=\"auto, (max-width: 710px) 100vw, 710px\" \/><\/figure>\n<\/div>\n\n\n<p>Ab 2 Jahren: <a href=\"https:\/\/heike-neumann.de\/index.php\/kinderbuecher\/marie-hat-tiere-im-kopf\/\" data-type=\"page\" data-id=\"60\">Marie hat Tiere im Kopf<\/a><br>Diese Tiere hei\u00dfen<br>B\u00c4H \u2013 MAG ICH NICHT!<br>NEIN!<br>ABER!<br>DOCH!<br>WILL NICHT!<br>Immer, wenn Marie etwas nicht mag oder nicht m\u00f6chte, springt eines ihrer Tiere im Kopf hervor und sie muss ganz laut schreien.<br>Was brauchen die Tiere, um nicht so schnell hervorzuspringen, sondern mit Marie zusammen gl\u00fccklich zu sein?<br>Eine sch\u00f6ne Geschichte \u00fcber die Emotionsregulierung, mit der alle Kinder (egal, ob klein oder gro\u00df) und Eltern zu k\u00e4mpfen haben.<br><a href=\"https:\/\/www.blaulicht-verlag.de\/online-shop\/marie-hat-tiere-im-kopf\/#cc-m-product-12158560721\">HIER geht es direkt zur Bestellm\u00f6glichkeit zum Blaulichtverlag<\/a><br><a href=\"https:\/\/heike-neumann.de\/index.php\/bonusmaterial\/bonusmaterial-zu-marie-hat-tiere-im-kopf\/\" data-type=\"page\" data-id=\"84\">HIER gelangt ihr zum Bonusmaterial zu Marie hat Tiere im Kopf<\/a><\/p>\n\n\n\n<p><\/p>\n\n\n\n<p><\/p>\n\n\n\n<div style=\"height:15px\" aria-hidden=\"true\" class=\"wp-block-spacer\"><\/div>\n\n\n<div class=\"wp-block-image\">\n<figure class=\"aligncenter size-large is-resized\"><img loading=\"lazy\" decoding=\"async\" width=\"1024\" height=\"596\" src=\"https:\/\/heike-neumann.de\/wp-content\/uploads\/2022\/07\/Scan_20211204-2-1024x596.jpg\" alt=\"\" class=\"wp-image-156\" style=\"width:400px;height:auto\" srcset=\"https:\/\/heike-neumann.de\/wp-content\/uploads\/2022\/07\/Scan_20211204-2-1024x596.jpg 1024w, https:\/\/heike-neumann.de\/wp-content\/uploads\/2022\/07\/Scan_20211204-2-300x174.jpg 300w, https:\/\/heike-neumann.de\/wp-content\/uploads\/2022\/07\/Scan_20211204-2-768x447.jpg 768w, https:\/\/heike-neumann.de\/wp-content\/uploads\/2022\/07\/Scan_20211204-2.jpg 1140w\" sizes=\"auto, (max-width: 1024px) 100vw, 1024px\" \/><\/figure>\n<\/div>\n\n\n<p><a href=\"https:\/\/heike-neumann.de\/index.php\/kinderbuecher\/amalia-kunterbunt\/\" data-type=\"page\" data-id=\"44\">&#8222;Amalia Kunterbunt&#8220;<\/a><\/p>\n\n\n\n<p>Die kleine Schildkr\u00f6te Amalia rutschte auf ihrem Weg durch den Tierpark auf Farbe aus und machte sich auf den Weg, den Verantwortlichen daf\u00fcr zu finden. Dabei entdeckte sie so viele M\u00f6glichkeiten, sich kreativ auszudr\u00fccken und die Welt ein bisschen fr\u00f6hlicher zu machen. Ein wunderbares Buch f\u00fcr kleine und gro\u00dfe Kinder und alle kreativen K\u00f6pfe, die mit ihren F\u00e4higkeiten unsere Welt ein wenig sch\u00f6ner machen F\u00fcr Kinder ab 4 Jahren.<br><a href=\"https:\/\/www.blaulicht-verlag.de\/online-shop\/amalia-kunterbunt\/#cc-m-product-12158547321\">HIER geht es direkt zur Bestellm\u00f6glichkeit beim Blaulicht-Verlag<\/a><br><a href=\"https:\/\/heike-neumann.de\/index.php\/bonusmaterial\/bonusmaterial-zu-amalia-kunterbunt\/\" data-type=\"page\" data-id=\"78\">HIER gelangt ihr zu dem Bonusmaterial f\u00fcr Amalia Kunterbunt<\/a><br><a href=\"https:\/\/heike-neumann.de\/index.php\/kurzgeschichten-fuer-kinder\/leseprobe-amalia-kunterbunt\/\" data-type=\"page\" data-id=\"571\">HIER findet ihr die Leseprobe<\/a><\/p>\n\n\n\n<div style=\"height:0px\" aria-hidden=\"true\" class=\"wp-block-spacer\"><\/div>\n\n\n\n<p><\/p>\n\n\n\n<div style=\"height:0px\" aria-hidden=\"true\" class=\"wp-block-spacer\"><\/div>\n\n\n\n<p>Diese B\u00fccher sind nur auf Anfrage bei mir selbst erh\u00e4ltlich: post@heike-neumann.de<\/p>\n\n\n\n<figure class=\"wp-block-image size-large is-resized\"><img loading=\"lazy\" decoding=\"async\" width=\"1024\" height=\"724\" src=\"https:\/\/heike-neumann.de\/wp-content\/uploads\/2022\/07\/Titelloses-240-1-1024x724.jpg\" alt=\"\" class=\"wp-image-364\" style=\"width:256px;height:auto\" srcset=\"https:\/\/heike-neumann.de\/wp-content\/uploads\/2022\/07\/Titelloses-240-1-1024x724.jpg 1024w, https:\/\/heike-neumann.de\/wp-content\/uploads\/2022\/07\/Titelloses-240-1-300x212.jpg 300w, https:\/\/heike-neumann.de\/wp-content\/uploads\/2022\/07\/Titelloses-240-1-768x543.jpg 768w, https:\/\/heike-neumann.de\/wp-content\/uploads\/2022\/07\/Titelloses-240-1-1536x1086.jpg 1536w, https:\/\/heike-neumann.de\/wp-content\/uploads\/2022\/07\/Titelloses-240-1-1140x806.jpg 1140w, https:\/\/heike-neumann.de\/wp-content\/uploads\/2022\/07\/Titelloses-240-1.jpg 1754w\" sizes=\"auto, (max-width: 1024px) 100vw, 1024px\" \/><\/figure>\n\n\n\n<div style=\"height:0px\" aria-hidden=\"true\" class=\"wp-block-spacer\"><\/div>\n\n\n\n<div style=\"height:0px\" aria-hidden=\"true\" class=\"wp-block-spacer\"><\/div>\n\n\n\n<p><a href=\"https:\/\/heike-neumann.de\/index.php\/kinderbuecher\/benjamin-kaesekruemel-und-das-schaukelproblem\/\" data-type=\"page\" data-id=\"363\">&#8222;Benjamin K\u00e4sekr\u00fcmel und das Schaukelproblem&#8220;<\/a><\/p>\n\n\n\n<figure class=\"wp-block-image size-large is-resized\"><img loading=\"lazy\" decoding=\"async\" width=\"1024\" height=\"724\" src=\"https:\/\/heike-neumann.de\/wp-content\/uploads\/2022\/09\/Titelloses-302-1024x724.jpg\" alt=\"\" class=\"wp-image-626\" style=\"width:321px;height:auto\" srcset=\"https:\/\/heike-neumann.de\/wp-content\/uploads\/2022\/09\/Titelloses-302-1024x724.jpg 1024w, https:\/\/heike-neumann.de\/wp-content\/uploads\/2022\/09\/Titelloses-302-300x212.jpg 300w, https:\/\/heike-neumann.de\/wp-content\/uploads\/2022\/09\/Titelloses-302-768x543.jpg 768w, https:\/\/heike-neumann.de\/wp-content\/uploads\/2022\/09\/Titelloses-302-1536x1086.jpg 1536w, https:\/\/heike-neumann.de\/wp-content\/uploads\/2022\/09\/Titelloses-302-1140x806.jpg 1140w, https:\/\/heike-neumann.de\/wp-content\/uploads\/2022\/09\/Titelloses-302.jpg 1754w\" sizes=\"auto, (max-width: 1024px) 100vw, 1024px\" \/><\/figure>\n\n\n\n<p><a href=\"https:\/\/heike-neumann.de\/index.php\/kinderbuecher\/fussballtraeume\/\">&#8222;Fu\u00dfballtr\u00e4ume&#8220;<\/a><\/p>\n\n\n\n<figure class=\"wp-block-image size-large is-resized\"><img loading=\"lazy\" decoding=\"async\" width=\"1024\" height=\"724\" src=\"https:\/\/heike-neumann.de\/wp-content\/uploads\/2022\/10\/Titelloses-374-1-1024x724.jpg\" alt=\"\" class=\"wp-image-670\" style=\"width:361px;height:auto\" srcset=\"https:\/\/heike-neumann.de\/wp-content\/uploads\/2022\/10\/Titelloses-374-1-1024x724.jpg 1024w, https:\/\/heike-neumann.de\/wp-content\/uploads\/2022\/10\/Titelloses-374-1-300x212.jpg 300w, https:\/\/heike-neumann.de\/wp-content\/uploads\/2022\/10\/Titelloses-374-1-768x543.jpg 768w, https:\/\/heike-neumann.de\/wp-content\/uploads\/2022\/10\/Titelloses-374-1-1536x1086.jpg 1536w, https:\/\/heike-neumann.de\/wp-content\/uploads\/2022\/10\/Titelloses-374-1-1140x806.jpg 1140w, https:\/\/heike-neumann.de\/wp-content\/uploads\/2022\/10\/Titelloses-374-1.jpg 1754w\" sizes=\"auto, (max-width: 1024px) 100vw, 1024px\" \/><\/figure>\n\n\n\n<p><a href=\"https:\/\/heike-neumann.de\/index.php\/kinderbuecher\/fiona-fuchs-und-die-weihnachtsvorbereitungen\/\" data-type=\"page\" data-id=\"510\">&#8222;Fiona Fuchs und die Weihnachtsvorbereitungen&#8220;<\/a><\/p>\n\n\n\n<figure class=\"wp-block-image size-large is-resized\"><img loading=\"lazy\" decoding=\"async\" width=\"1024\" height=\"724\" src=\"https:\/\/heike-neumann.de\/wp-content\/uploads\/2022\/11\/Titelloses-293-1024x724.jpg\" alt=\"\" class=\"wp-image-716\" style=\"width:326px;height:auto\" srcset=\"https:\/\/heike-neumann.de\/wp-content\/uploads\/2022\/11\/Titelloses-293-1024x724.jpg 1024w, https:\/\/heike-neumann.de\/wp-content\/uploads\/2022\/11\/Titelloses-293-300x212.jpg 300w, https:\/\/heike-neumann.de\/wp-content\/uploads\/2022\/11\/Titelloses-293-768x543.jpg 768w, https:\/\/heike-neumann.de\/wp-content\/uploads\/2022\/11\/Titelloses-293-1536x1086.jpg 1536w, https:\/\/heike-neumann.de\/wp-content\/uploads\/2022\/11\/Titelloses-293-1140x806.jpg 1140w, https:\/\/heike-neumann.de\/wp-content\/uploads\/2022\/11\/Titelloses-293.jpg 1754w\" sizes=\"auto, (max-width: 1024px) 100vw, 1024px\" \/><\/figure>\n\n\n\n<p><a href=\"https:\/\/heike-neumann.de\/index.php\/kinderbuecher\/traumreime\/\">&#8222;Traumreime&#8220; <\/a><\/p>\n\n\n\n<figure class=\"wp-block-image size-large is-resized\"><img loading=\"lazy\" decoding=\"async\" width=\"1024\" height=\"724\" src=\"https:\/\/heike-neumann.de\/wp-content\/uploads\/2024\/08\/Titelloses-478-2-1024x724.jpg\" alt=\"\" class=\"wp-image-2005\" style=\"width:343px;height:auto\" srcset=\"https:\/\/heike-neumann.de\/wp-content\/uploads\/2024\/08\/Titelloses-478-2-1024x724.jpg 1024w, https:\/\/heike-neumann.de\/wp-content\/uploads\/2024\/08\/Titelloses-478-2-300x212.jpg 300w, https:\/\/heike-neumann.de\/wp-content\/uploads\/2024\/08\/Titelloses-478-2-768x543.jpg 768w, https:\/\/heike-neumann.de\/wp-content\/uploads\/2024\/08\/Titelloses-478-2-1536x1086.jpg 1536w, https:\/\/heike-neumann.de\/wp-content\/uploads\/2024\/08\/Titelloses-478-2-1140x806.jpg 1140w, https:\/\/heike-neumann.de\/wp-content\/uploads\/2024\/08\/Titelloses-478-2.jpg 1754w\" sizes=\"auto, (max-width: 1024px) 100vw, 1024px\" \/><\/figure>\n\n\n\n<p><a href=\"https:\/\/heike-neumann.de\/index.php\/kinderbuecher\/haeschen-hops-und-der-schokoladenkuchen\/\">&#8222;H\u00e4schen Hops und der Schokoladenkuchen&#8220; (Ostern 2023)<\/a><\/p>\n\n\n\n<div style=\"height:100px\" aria-hidden=\"true\" class=\"wp-block-spacer\"><\/div>\n\n\n\n<p>In Vorbereitung:<\/p>\n\n\n\n<div style=\"height:33px\" aria-hidden=\"true\" class=\"wp-block-spacer\"><\/div>\n\n\n\n<p><\/p>\n\n\n\n<figure class=\"wp-block-image size-large is-resized\"><img loading=\"lazy\" decoding=\"async\" width=\"724\" height=\"1024\" src=\"https:\/\/heike-neumann.de\/wp-content\/uploads\/2024\/08\/Titelloses-743-3-724x1024.jpg\" alt=\"\" class=\"wp-image-2031\" style=\"width:280px;height:auto\" srcset=\"https:\/\/heike-neumann.de\/wp-content\/uploads\/2024\/08\/Titelloses-743-3-724x1024.jpg 724w, https:\/\/heike-neumann.de\/wp-content\/uploads\/2024\/08\/Titelloses-743-3-212x300.jpg 212w, https:\/\/heike-neumann.de\/wp-content\/uploads\/2024\/08\/Titelloses-743-3-768x1086.jpg 768w, https:\/\/heike-neumann.de\/wp-content\/uploads\/2024\/08\/Titelloses-743-3-1086x1536.jpg 1086w, https:\/\/heike-neumann.de\/wp-content\/uploads\/2024\/08\/Titelloses-743-3-1448x2048.jpg 1448w, https:\/\/heike-neumann.de\/wp-content\/uploads\/2024\/08\/Titelloses-743-3-1140x1612.jpg 1140w, https:\/\/heike-neumann.de\/wp-content\/uploads\/2024\/08\/Titelloses-743-3-scaled.jpg 1810w\" sizes=\"auto, (max-width: 724px) 100vw, 724px\" \/><\/figure>\n\n\n\n<p>Rusanda Stachelschwein<\/p>\n\n\n\n<p>Biene Betty <\/p>\n\n\n\n<p>Das Herbstgeheimnis <\/p>\n\n\n\n<p>Benjamin K\u00e4sekr\u00fcmel in der M\u00fchle<\/p>\n\n\n\n<p>Merle Amsel <\/p>\n\n\n\n<p>Emilio Elefanto<\/p>\n\n\n\n<p>Freddy und der unsichtbare Gustav<\/p>\n\n\n\n<p>Bunt wie ein Kirchenfenster<\/p>\n\n\n\n<p>Robin, Jona und die Regenbogenrutsche<\/p>\n\n\n\n<p>Zuviel M\u00fcll<\/p>\n\n\n\n<p><\/p>\n","protected":false},"excerpt":{"rendered":"<p>F\u00fcr die Kleinen (ab 2 Jahren) bis in die Grundschulzeit hinein sind Bilderb\u00fccher einfach gro\u00dfartig!Sie er\u00f6ffnen eine Welt voller Staunen, Wunder und Magie, laden zum Nachdenken und Tr\u00e4umen ein und erweitern den Horizont Viel Spa\u00df beim St\u00f6bern! Familie Regenbogenbunt Es gibt viele unterschiedliche Familienkonstellationen und Kinder erleben dieses in ihren Kindergartengruppen, Schulklassen und in der Nachbarschaft. Sie lernen diese Diversit\u00e4t als Normalit\u00e4t kennen. Es ist nicht wichtig, bei wem die Kinder aufwachsen, sondern nur, dass sie gesehen und geliebt werden. Sie m\u00fcssen Menschen und Beziehungen erleben, die gl\u00fccklich sind. Dieses Buch stellt mit einfachen Worten und klaren Bildern verschiedeneKonstellationen vor und betont, dass alle diese Beziehungen gute Familien sind, auch wenn sie sich von der herk\u00f6mmlichen Vater-Mutter-Kind-Familie unterschieden. Ab 2 Jahren: Zauberk\u00e4tzchen Kira &#8211; Eine Katze will sich anziehen, doch der Katzenzauberer hat ihre Kleidung lustig verzaubert! Ein tolles Buch f\u00fcr alle Kinder, die gerade das Thema Anziehen\/Umziehen spannend finden, Katzen m\u00f6gen und sich gerne \u00fcberraschen lassen.Mit diesem Buch kann das Anziehen auf lustige und kurzweilige Art ge\u00fcbt werden.HIER geht es direkt zur Bestellm\u00f6glichkeit beim Blaulicht-VerlagHIER gelangt ihr zu den Ausmalbildern f\u00fcr Zauberk\u00e4tzchen Kira Ab 2 Jahren: Marie hat Tiere im KopfDiese Tiere hei\u00dfenB\u00c4H \u2013 MAG ICH NICHT!NEIN!ABER!DOCH!WILL NICHT!Immer, wenn Marie etwas nicht mag oder nicht m\u00f6chte, springt eines ihrer Tiere im Kopf hervor und sie muss ganz laut schreien.Was brauchen die Tiere, um nicht so schnell hervorzuspringen, sondern mit Marie zusammen gl\u00fccklich zu sein?Eine sch\u00f6ne Geschichte \u00fcber die Emotionsregulierung, mit der alle Kinder (egal, ob klein oder gro\u00df) und Eltern zu k\u00e4mpfen haben.HIER geht es direkt zur Bestellm\u00f6glichkeit zum BlaulichtverlagHIER gelangt ihr zum Bonusmaterial zu Marie hat Tiere im Kopf &#8222;Amalia Kunterbunt&#8220; Die kleine Schildkr\u00f6te Amalia rutschte auf ihrem Weg durch den Tierpark auf Farbe aus und machte sich auf den Weg, den Verantwortlichen daf\u00fcr zu finden. Dabei entdeckte sie so viele M\u00f6glichkeiten, sich kreativ auszudr\u00fccken und die Welt ein bisschen fr\u00f6hlicher zu machen. Ein wunderbares Buch f\u00fcr kleine und gro\u00dfe Kinder und alle kreativen K\u00f6pfe, die mit ihren F\u00e4higkeiten unsere Welt ein wenig sch\u00f6ner machen F\u00fcr Kinder ab 4 Jahren.HIER geht es direkt zur Bestellm\u00f6glichkeit beim Blaulicht-VerlagHIER gelangt ihr zu dem Bonusmaterial f\u00fcr Amalia KunterbuntHIER findet ihr die Leseprobe Diese B\u00fccher sind nur auf Anfrage bei mir selbst erh\u00e4ltlich: post@heike-neumann.de &#8222;Benjamin K\u00e4sekr\u00fcmel und das Schaukelproblem&#8220; &#8222;Fu\u00dfballtr\u00e4ume&#8220; &#8222;Fiona Fuchs und die Weihnachtsvorbereitungen&#8220; &#8222;Traumreime&#8220; &#8222;H\u00e4schen Hops und der Schokoladenkuchen&#8220; (Ostern 2023) In Vorbereitung: Rusanda Stachelschwein Biene Betty Das Herbstgeheimnis Benjamin K\u00e4sekr\u00fcmel in der M\u00fchle Merle Amsel Emilio Elefanto Freddy und der unsichtbare Gustav Bunt wie ein Kirchenfenster Robin, Jona und die Regenbogenrutsche Zuviel M\u00fcll<\/p>\n","protected":false},"author":1,"featured_media":0,"parent":0,"menu_order":0,"comment_status":"closed","ping_status":"closed","template":"","meta":{"footnotes":""},"class_list":["post-23","page","type-page","status-publish","hentry"],"_links":{"self":[{"href":"https:\/\/heike-neumann.de\/index.php\/wp-json\/wp\/v2\/pages\/23","targetHints":{"allow":["GET"]}}],"collection":[{"href":"https:\/\/heike-neumann.de\/index.php\/wp-json\/wp\/v2\/pages"}],"about":[{"href":"https:\/\/heike-neumann.de\/index.php\/wp-json\/wp\/v2\/types\/page"}],"author":[{"embeddable":true,"href":"https:\/\/heike-neumann.de\/index.php\/wp-json\/wp\/v2\/users\/1"}],"replies":[{"embeddable":true,"href":"https:\/\/heike-neumann.de\/index.php\/wp-json\/wp\/v2\/comments?post=23"}],"version-history":[{"count":40,"href":"https:\/\/heike-neumann.de\/index.php\/wp-json\/wp\/v2\/pages\/23\/revisions"}],"predecessor-version":[{"id":2275,"href":"https:\/\/heike-neumann.de\/index.php\/wp-json\/wp\/v2\/pages\/23\/revisions\/2275"}],"wp:attachment":[{"href":"https:\/\/heike-neumann.de\/index.php\/wp-json\/wp\/v2\/media?parent=23"}],"curies":[{"name":"wp","href":"https:\/\/api.w.org\/{rel}","templated":true}]}}