{"id":2023,"date":"2024-08-19T09:52:28","date_gmt":"2024-08-19T07:52:28","guid":{"rendered":"https:\/\/heike-neumann.de\/?page_id=2023"},"modified":"2024-08-20T17:35:12","modified_gmt":"2024-08-20T15:35:12","slug":"empfehlungen-referenzen","status":"publish","type":"page","link":"https:\/\/heike-neumann.de\/index.php\/empfehlungen-referenzen\/","title":{"rendered":"Empfehlungen\/Referenzen"},"content":{"rendered":"\n<div style=\"height:4px\" aria-hidden=\"true\" class=\"wp-block-spacer\"><\/div>\n\n\n<div class=\"wp-block-image\">\n<figure class=\"alignright size-large is-resized\"><img loading=\"lazy\" decoding=\"async\" width=\"1024\" height=\"1004\" src=\"https:\/\/heike-neumann.de\/wp-content\/uploads\/2024\/08\/Pfifferlingen-Dorfbild-1024x1004.jpg\" alt=\"\" class=\"wp-image-2042\" style=\"width:258px;height:auto\" srcset=\"https:\/\/heike-neumann.de\/wp-content\/uploads\/2024\/08\/Pfifferlingen-Dorfbild-1024x1004.jpg 1024w, https:\/\/heike-neumann.de\/wp-content\/uploads\/2024\/08\/Pfifferlingen-Dorfbild-300x294.jpg 300w, https:\/\/heike-neumann.de\/wp-content\/uploads\/2024\/08\/Pfifferlingen-Dorfbild-768x753.jpg 768w, https:\/\/heike-neumann.de\/wp-content\/uploads\/2024\/08\/Pfifferlingen-Dorfbild-1140x1118.jpg 1140w, https:\/\/heike-neumann.de\/wp-content\/uploads\/2024\/08\/Pfifferlingen-Dorfbild-75x75.jpg 75w, https:\/\/heike-neumann.de\/wp-content\/uploads\/2024\/08\/Pfifferlingen-Dorfbild.jpg 1232w\" sizes=\"auto, (max-width: 1024px) 100vw, 1024px\" \/><\/figure>\n<\/div>\n\n\n<p>&#8222;Liebe Heike, ich m\u00f6chte Dir danken f\u00fcr Deine tollen Ideen mit den Wichteln. Oft fehlen mir die Ideen f\u00fcr meine Tageskinder und nur eine Nachricht an Dich schon kommt eine Ideenflut. Danke auch f\u00fcr die tollen kostenlosen Malvorlagen, Aufkleber,\u2026. Du bist einfach Spitze. Meine Tageskinder und Enkelkinder lieben Deine B\u00fccher \ud83d\udcda. Liebe Gr\u00fc\u00dfe danke f\u00fcr alles Tagesmutter Heidi Sch\u00e4fer&#8220;<\/p>\n\n\n\n<p>&#8222;Klasse B\u00fccher, super nette Autorin, und ein toller Verlag. Top Mischung, somit ist zauberhaftes Lesen und Wirken garantiert. Sehr empfehlenswert\ud83d\udc4d\ud83c\udffb.&#8220;<br>(Carmen, wichtelbegeisterte Mama)<\/p>\n\n\n\n<p>&#8222;Liebe Heike! Ich bin Babett aus Mecklenburg-Vorpommern. Bin sehr froh, dass es deine Seite gibt. Finde da immer wieder hilfreiche Tipps und Ratschl\u00e4ge zum Thema Wichtel. Wir haben auch schon 2 B\u00fccher erworben. Diese werden t\u00e4glich von den Kindern gelesen. Sie freuen sich schon auf die neue Geschichten.&#8220;<\/p>\n\n\n\n<p>&#8222;Ich m\u00f6chte euch ein wundervolles Buch vorstellen:<br>Herbst in Pfifferlingen von Heike Neumann<br>Ich habe auf der Homepage einen Blick ins Buch werfen k\u00f6nnen. So schnell hat mich noch kein Buch \u00fcberzeugt. Ich war sofort gefesselt und wollte mehr \u00fcber Pfifferlingen und dessen Bewohner erfahren.<br>Ja es ist ein Kinderbuch, aber so unfassbar toll geschrieben und liebevoll gestaltet, ich war von Anfang an verliebt.<br>Aufmerksam bin ich durch die Autorin selbst geworden, die in einer B\u00fccher Flohmarkt Gruppe hier auf Facebook ihr Buch gezeigt hat.<br>Zu jedem ihrer B\u00fccher gibt es kostenloses Material zum herunterladen. Bei dem Buch &#8222;Herbst in Pfifferlingen&#8220; gibt es zum Beispiel eine PDF Datei, die beinhaltet 11 Bilder aus dem Buch, zum Ausmalen. Zudem gibt eine PDF Datei die beinhaltet eine wundersch\u00f6ne Wichtellaterne zum Download, Ausdrucken, Ausmalen, Ausschneiden und zusammen stecken.<br>Ich finde die Idee einfach wundervoll <img loading=\"lazy\" decoding=\"async\" height=\"16\" width=\"16\" src=\"https:\/\/static.xx.fbcdn.net\/images\/emoji.php\/v9\/t6c\/1\/16\/2764.png\" alt=\"\u2764\ufe0f\"> Wir haben schon weitere B\u00fccher bestellt und es werden noch mehrere folgen.&#8220; <br>von Jasmin auf facebook gepostet <\/p>\n\n\n\n<p><\/p>\n","protected":false},"excerpt":{"rendered":"<p>&#8222;Liebe Heike, ich m\u00f6chte Dir danken f\u00fcr Deine tollen Ideen mit den Wichteln. Oft fehlen mir die Ideen f\u00fcr meine Tageskinder und nur eine Nachricht an Dich schon kommt eine Ideenflut. Danke auch f\u00fcr die tollen kostenlosen Malvorlagen, Aufkleber,\u2026. Du bist einfach Spitze. Meine Tageskinder und Enkelkinder lieben Deine B\u00fccher \ud83d\udcda. Liebe Gr\u00fc\u00dfe danke f\u00fcr alles Tagesmutter Heidi Sch\u00e4fer&#8220; &#8222;Klasse B\u00fccher, super nette Autorin, und ein toller Verlag. Top Mischung, somit ist zauberhaftes Lesen und Wirken garantiert. Sehr empfehlenswert\ud83d\udc4d\ud83c\udffb.&#8220;(Carmen, wichtelbegeisterte Mama) &#8222;Liebe Heike! Ich bin Babett aus Mecklenburg-Vorpommern. Bin sehr froh, dass es deine Seite gibt. Finde da immer wieder hilfreiche Tipps und Ratschl\u00e4ge zum Thema Wichtel. Wir haben auch schon 2 B\u00fccher erworben. Diese werden t\u00e4glich von den Kindern gelesen. Sie freuen sich schon auf die neue Geschichten.&#8220; &#8222;Ich m\u00f6chte euch ein wundervolles Buch vorstellen:Herbst in Pfifferlingen von Heike NeumannIch habe auf der Homepage einen Blick ins Buch werfen k\u00f6nnen. So schnell hat mich noch kein Buch \u00fcberzeugt. Ich war sofort gefesselt und wollte mehr \u00fcber Pfifferlingen und dessen Bewohner erfahren.Ja es ist ein Kinderbuch, aber so unfassbar toll geschrieben und liebevoll gestaltet, ich war von Anfang an verliebt.Aufmerksam bin ich durch die Autorin selbst geworden, die in einer B\u00fccher Flohmarkt Gruppe hier auf Facebook ihr Buch gezeigt hat.Zu jedem ihrer B\u00fccher gibt es kostenloses Material zum herunterladen. Bei dem Buch &#8222;Herbst in Pfifferlingen&#8220; gibt es zum Beispiel eine PDF Datei, die beinhaltet 11 Bilder aus dem Buch, zum Ausmalen. Zudem gibt eine PDF Datei die beinhaltet eine wundersch\u00f6ne Wichtellaterne zum Download, Ausdrucken, Ausmalen, Ausschneiden und zusammen stecken.Ich finde die Idee einfach wundervoll Wir haben schon weitere B\u00fccher bestellt und es werden noch mehrere folgen.&#8220; von Jasmin auf facebook gepostet<\/p>\n","protected":false},"author":1,"featured_media":0,"parent":0,"menu_order":0,"comment_status":"closed","ping_status":"closed","template":"","meta":{"footnotes":""},"class_list":["post-2023","page","type-page","status-publish","hentry"],"_links":{"self":[{"href":"https:\/\/heike-neumann.de\/index.php\/wp-json\/wp\/v2\/pages\/2023","targetHints":{"allow":["GET"]}}],"collection":[{"href":"https:\/\/heike-neumann.de\/index.php\/wp-json\/wp\/v2\/pages"}],"about":[{"href":"https:\/\/heike-neumann.de\/index.php\/wp-json\/wp\/v2\/types\/page"}],"author":[{"embeddable":true,"href":"https:\/\/heike-neumann.de\/index.php\/wp-json\/wp\/v2\/users\/1"}],"replies":[{"embeddable":true,"href":"https:\/\/heike-neumann.de\/index.php\/wp-json\/wp\/v2\/comments?post=2023"}],"version-history":[{"count":8,"href":"https:\/\/heike-neumann.de\/index.php\/wp-json\/wp\/v2\/pages\/2023\/revisions"}],"predecessor-version":[{"id":2128,"href":"https:\/\/heike-neumann.de\/index.php\/wp-json\/wp\/v2\/pages\/2023\/revisions\/2128"}],"wp:attachment":[{"href":"https:\/\/heike-neumann.de\/index.php\/wp-json\/wp\/v2\/media?parent=2023"}],"curies":[{"name":"wp","href":"https:\/\/api.w.org\/{rel}","templated":true}]}}