{"id":1543,"date":"2023-09-01T17:03:35","date_gmt":"2023-09-01T15:03:35","guid":{"rendered":"https:\/\/heike-neumann.de\/?page_id=1543"},"modified":"2024-08-20T09:15:36","modified_gmt":"2024-08-20T07:15:36","slug":"herbst-in-pfifferlingen","status":"publish","type":"page","link":"https:\/\/heike-neumann.de\/index.php\/pfifferlingen-buecher\/herbst-in-pfifferlingen\/","title":{"rendered":"Herbst in Pfifferlingen"},"content":{"rendered":"\n<figure class=\"wp-block-image size-large is-resized\"><img loading=\"lazy\" decoding=\"async\" width=\"724\" height=\"1024\" src=\"https:\/\/heike-neumann.de\/wp-content\/uploads\/2023\/07\/Titelloses-606-1-724x1024.jpg\" alt=\"\" class=\"wp-image-1529\" style=\"aspect-ratio:0.7075471698113207;width:669px;height:auto\" srcset=\"https:\/\/heike-neumann.de\/wp-content\/uploads\/2023\/07\/Titelloses-606-1-724x1024.jpg 724w, https:\/\/heike-neumann.de\/wp-content\/uploads\/2023\/07\/Titelloses-606-1-212x300.jpg 212w, https:\/\/heike-neumann.de\/wp-content\/uploads\/2023\/07\/Titelloses-606-1-768x1086.jpg 768w, https:\/\/heike-neumann.de\/wp-content\/uploads\/2023\/07\/Titelloses-606-1-1086x1536.jpg 1086w, https:\/\/heike-neumann.de\/wp-content\/uploads\/2023\/07\/Titelloses-606-1-1140x1613.jpg 1140w, https:\/\/heike-neumann.de\/wp-content\/uploads\/2023\/07\/Titelloses-606-1.jpg 1240w\" sizes=\"auto, (max-width: 724px) 100vw, 724px\" \/><\/figure>\n\n\n\n<p>Es ist Herbst in dem kleinen Dorf Pfifferlingen am magischen Wald.<\/p>\n\n\n\n<p>Im Sommer ist auf den Feldern und an den B\u00fcschen und B\u00e4umen viel gewachsen, was nun geerntet und verarbeitet werden kann. Aber auch andere Herbstfreuden werden genossen: Laterne laufen, Drachen steigen lassen, in die Kuscheldecke einwickeln und warmen Tee trinken, das Licht genie\u00dfen, welches durch das farbenpr\u00e4chtige Laub der B\u00e4umen f\u00e4llt. Es geht um Nebelschnuffelchen und Knubbelgnome, um Eichh\u00f6rnchen und einen hilfsbed\u00fcrftigen Igel, um Sonnenblumen, Laubtrolle und die Legende vom Bl\u00e4tterdrachen. Aber auch eine Traumfee erscheint, die in einer besonderen Nacht allen einen besonderen Traum schickt.<\/p>\n\n\n\n<p>Seid willkommen in der wunderbaren Herbstzeit in Pfifferlingen und erlebt die Abenteuer der kleinen Wichtel, Zwerge und Trolle mit, die diese Jahreszeit ganz besonders genie\u00dfen!<\/p>\n\n\n\n<div style=\"height:16px\" aria-hidden=\"true\" class=\"wp-block-spacer\"><\/div>\n\n\n\n<p>34 Seiten<br>10 herbstsch\u00f6ne Geschichten<br>10 Bilder<br>9,90 Euro <a href=\"https:\/\/www.blaulicht-verlag.de\/online-shop\/herbst-in-pfifferlingen\/#cc-m-product-12158546221\">Hier geht&#8217;s direkt zur Bestellung beim Blaulichtverlag (ohne Versandkosten!)<\/a><\/p>\n\n\n\n<p><br>Als Bonusmaterial gibt es eine Tischlaterne, ein Minibuch f\u00fcr die Wichtelt\u00fcr und nat\u00fcrlich die Ausmalbilder <a href=\"https:\/\/heike-neumann.de\/index.php\/bonusmaterial\/bonusmaterial-zu-geschichten-aus-pfifferlingen\/\">HIER gehts zum Bonusmaterial f\u00fcr alle Wichtelb\u00fccher<\/a><\/p>\n\n\n\n<p><br><a href=\"https:\/\/heike-neumann.de\/index.php\/kinderbuecher\/willkommen-im-wichtelland\/nebelschnuffelchen-und-knubbelgnome\/\">Hier geht&#8217;s zur Leseprobe &#8222;Nebenschnuffelchen und Knubbelgnome&#8220;<\/a><\/p>\n\n\n\n<p><\/p>\n\n\n<div class=\"sdm_download_item \"><div class=\"sdm_download_item_top\"><div class=\"sdm_download_thumbnail\"><\/div><div class=\"sdm_download_title\">Tischlaterne zu &#8222;Herbst in Pfifferlingen&#8220;<\/div><\/div><div style=\"clear:both;\"><\/div><div class=\"sdm_download_description\"><p><img loading=\"lazy\" decoding=\"async\" class=\"alignnone size-medium wp-image-1533 aligncenter\" src=\"https:\/\/heike-neumann.de\/wp-content\/uploads\/2023\/07\/c4995807-af46-4439-b2aa-42445f9e5e81-300x169.jpg\" alt=\"\" width=\"300\" height=\"169\" srcset=\"https:\/\/heike-neumann.de\/wp-content\/uploads\/2023\/07\/c4995807-af46-4439-b2aa-42445f9e5e81-300x169.jpg 300w, https:\/\/heike-neumann.de\/wp-content\/uploads\/2023\/07\/c4995807-af46-4439-b2aa-42445f9e5e81-1024x576.jpg 1024w, https:\/\/heike-neumann.de\/wp-content\/uploads\/2023\/07\/c4995807-af46-4439-b2aa-42445f9e5e81-768x432.jpg 768w, https:\/\/heike-neumann.de\/wp-content\/uploads\/2023\/07\/c4995807-af46-4439-b2aa-42445f9e5e81-1536x864.jpg 1536w, https:\/\/heike-neumann.de\/wp-content\/uploads\/2023\/07\/c4995807-af46-4439-b2aa-42445f9e5e81-1140x641.jpg 1140w, https:\/\/heike-neumann.de\/wp-content\/uploads\/2023\/07\/c4995807-af46-4439-b2aa-42445f9e5e81.jpg 1920w\" sizes=\"auto, (max-width: 300px) 100vw, 300px\" \/><\/p>\n<\/div><div class=\"sdm_download_link\"><span class=\"sdm_download_button\"><a href=\"https:\/\/heike-neumann.de\/?sdm_process_download=1&#038;download_id=1532\" class=\"sdm_download green\" title=\"Tischlaterne zu &#8222;Herbst in Pfifferlingen&#8220;\" target=\"_blank\">Jetzt herunterladen!<\/a><\/span><\/div><\/div><div class=\"sdm_clear_float\"><\/div>\n\n<div class=\"sdm_download_item \"><div class=\"sdm_download_item_top\"><div class=\"sdm_download_thumbnail\"><\/div><div class=\"sdm_download_title\">Ausmalbilder &#8222;Herbst in Pfifferlingen&#8220;<\/div><\/div><div style=\"clear:both;\"><\/div><div class=\"sdm_download_description\"><p><img loading=\"lazy\" decoding=\"async\" class=\"alignnone size-medium wp-image-1528 aligncenter\" src=\"https:\/\/heike-neumann.de\/wp-content\/uploads\/2023\/07\/Titelloses-536-1-212x300.jpg\" alt=\"\" width=\"212\" height=\"300\" srcset=\"https:\/\/heike-neumann.de\/wp-content\/uploads\/2023\/07\/Titelloses-536-1-212x300.jpg 212w, https:\/\/heike-neumann.de\/wp-content\/uploads\/2023\/07\/Titelloses-536-1-724x1024.jpg 724w, https:\/\/heike-neumann.de\/wp-content\/uploads\/2023\/07\/Titelloses-536-1-768x1086.jpg 768w, https:\/\/heike-neumann.de\/wp-content\/uploads\/2023\/07\/Titelloses-536-1-1086x1536.jpg 1086w, https:\/\/heike-neumann.de\/wp-content\/uploads\/2023\/07\/Titelloses-536-1-1140x1613.jpg 1140w, https:\/\/heike-neumann.de\/wp-content\/uploads\/2023\/07\/Titelloses-536-1.jpg 1240w\" sizes=\"auto, (max-width: 212px) 100vw, 212px\" \/><\/p>\n<\/div><div class=\"sdm_download_link\"><span class=\"sdm_download_button\"><a href=\"https:\/\/heike-neumann.de\/?sdm_process_download=1&#038;download_id=1531\" class=\"sdm_download green\" title=\"Ausmalbilder &#8222;Herbst in Pfifferlingen&#8220;\" target=\"_blank\">Jetzt herunterladen!<\/a><\/span><\/div><\/div><div class=\"sdm_clear_float\"><\/div>","protected":false},"excerpt":{"rendered":"<p>Es ist Herbst in dem kleinen Dorf Pfifferlingen am magischen Wald. Im Sommer ist auf den Feldern und an den B\u00fcschen und B\u00e4umen viel gewachsen, was nun geerntet und verarbeitet werden kann. Aber auch andere Herbstfreuden werden genossen: Laterne laufen, Drachen steigen lassen, in die Kuscheldecke einwickeln und warmen Tee trinken, das Licht genie\u00dfen, welches durch das farbenpr\u00e4chtige Laub der B\u00e4umen f\u00e4llt. Es geht um Nebelschnuffelchen und Knubbelgnome, um Eichh\u00f6rnchen und einen hilfsbed\u00fcrftigen Igel, um Sonnenblumen, Laubtrolle und die Legende vom Bl\u00e4tterdrachen. Aber auch eine Traumfee erscheint, die in einer besonderen Nacht allen einen besonderen Traum schickt. Seid willkommen in der wunderbaren Herbstzeit in Pfifferlingen und erlebt die Abenteuer der kleinen Wichtel, Zwerge und Trolle mit, die diese Jahreszeit ganz besonders genie\u00dfen! 34 Seiten10 herbstsch\u00f6ne Geschichten10 Bilder9,90 Euro Hier geht&#8217;s direkt zur Bestellung beim Blaulichtverlag (ohne Versandkosten!) Als Bonusmaterial gibt es eine Tischlaterne, ein Minibuch f\u00fcr die Wichtelt\u00fcr und nat\u00fcrlich die Ausmalbilder HIER gehts zum Bonusmaterial f\u00fcr alle Wichtelb\u00fccher Hier geht&#8217;s zur Leseprobe &#8222;Nebenschnuffelchen und Knubbelgnome&#8220;<\/p>\n","protected":false},"author":1,"featured_media":0,"parent":1380,"menu_order":4,"comment_status":"closed","ping_status":"closed","template":"","meta":{"footnotes":""},"class_list":["post-1543","page","type-page","status-publish","hentry"],"_links":{"self":[{"href":"https:\/\/heike-neumann.de\/index.php\/wp-json\/wp\/v2\/pages\/1543","targetHints":{"allow":["GET"]}}],"collection":[{"href":"https:\/\/heike-neumann.de\/index.php\/wp-json\/wp\/v2\/pages"}],"about":[{"href":"https:\/\/heike-neumann.de\/index.php\/wp-json\/wp\/v2\/types\/page"}],"author":[{"embeddable":true,"href":"https:\/\/heike-neumann.de\/index.php\/wp-json\/wp\/v2\/users\/1"}],"replies":[{"embeddable":true,"href":"https:\/\/heike-neumann.de\/index.php\/wp-json\/wp\/v2\/comments?post=1543"}],"version-history":[{"count":8,"href":"https:\/\/heike-neumann.de\/index.php\/wp-json\/wp\/v2\/pages\/1543\/revisions"}],"predecessor-version":[{"id":2090,"href":"https:\/\/heike-neumann.de\/index.php\/wp-json\/wp\/v2\/pages\/1543\/revisions\/2090"}],"up":[{"embeddable":true,"href":"https:\/\/heike-neumann.de\/index.php\/wp-json\/wp\/v2\/pages\/1380"}],"wp:attachment":[{"href":"https:\/\/heike-neumann.de\/index.php\/wp-json\/wp\/v2\/media?parent=1543"}],"curies":[{"name":"wp","href":"https:\/\/api.w.org\/{rel}","templated":true}]}}