{"id":1376,"date":"2023-04-06T10:16:42","date_gmt":"2023-04-06T08:16:42","guid":{"rendered":"https:\/\/heike-neumann.de\/?page_id=1376"},"modified":"2024-08-20T09:10:52","modified_gmt":"2024-08-20T07:10:52","slug":"sommer-in-pfifferlingen","status":"publish","type":"page","link":"https:\/\/heike-neumann.de\/index.php\/kinderbuecher\/sommer-in-pfifferlingen\/","title":{"rendered":"Sommer in Pfifferlingen"},"content":{"rendered":"\n<p>Das Wetter wird w\u00e4rmer und die Sonne lacht \u00fcber das kleine Dorf Pfifferlingen am magischen Wald. Die Wichtel, Zwerge, Trolle und alle anderen kleinen magischen Wesen sind gerne und oft drau\u00dfen und entdecken all das Wunderbare, was es im Sommer so gibt: Melonen und Eis, Zeltabenteuer mit Schatzsuche, Sommerglitzerfeen und sogar eine von Zwergenhand gebaute Erfrischungsmaschine! Auch f\u00fcr die Insekten wird gesorgt: Mit einer Pflanzaktion bekommen sie jede Menge Blumen und eine Trinkschale.<br>Der Troll Rune begegnet einem Zahnputztroll, der auch noch ein tolles Lied mitbringt. Auch ein heftiges Sommergewitter sorgt daf\u00fcr, dass es nicht langweilig wird. Die gro\u00dfartigen Feste, die es so nur in Pfifferlingen geben kann, reichen bis weit in die Sommernacht und auch die geheimnisvollen und unsichtbaren Poffies sind wieder mit \u00dcberraschungen am Werk.<br>Inklusion und Freundschaft wird gro\u00dfgeschrieben in dieser diversen und kunterbunt-fr\u00f6hlichen Gesellschaft in Pfifferlingen.<\/p>\n\n\n\n<p>Seid willkommen und erlebt die Sommergeschichten mit!<\/p>\n\n\n\n<p><br><\/p>\n\n\n\n<figure class=\"wp-block-image size-large is-resized\"><img loading=\"lazy\" decoding=\"async\" width=\"724\" height=\"1024\" src=\"https:\/\/heike-neumann.de\/wp-content\/uploads\/2023\/06\/Titelloses-603-1-724x1024.jpg\" alt=\"\" class=\"wp-image-1486\" style=\"width:750px;height:1060px\" srcset=\"https:\/\/heike-neumann.de\/wp-content\/uploads\/2023\/06\/Titelloses-603-1-724x1024.jpg 724w, https:\/\/heike-neumann.de\/wp-content\/uploads\/2023\/06\/Titelloses-603-1-212x300.jpg 212w, https:\/\/heike-neumann.de\/wp-content\/uploads\/2023\/06\/Titelloses-603-1-768x1086.jpg 768w, https:\/\/heike-neumann.de\/wp-content\/uploads\/2023\/06\/Titelloses-603-1-1086x1536.jpg 1086w, https:\/\/heike-neumann.de\/wp-content\/uploads\/2023\/06\/Titelloses-603-1-1140x1613.jpg 1140w, https:\/\/heike-neumann.de\/wp-content\/uploads\/2023\/06\/Titelloses-603-1.jpg 1240w\" sizes=\"auto, (max-width: 724px) 100vw, 724px\" \/><\/figure>\n\n\n\n<p>Nach \u201eFr\u00fchling in Pfifferlingen ist dies nun das zweite Buch der Autorin einer Jahreszeitenreihe aus dem kleinen Pilzdorf am magischen Wald.<\/p>\n\n\n\n<p>Hier geht es zu der Leseprobe zu &#8222;Sommer in Pfifferlingen&#8220;:<br><a href=\"https:\/\/heike-neumann.de\/index.php\/kurzgeschichten-fuer-kinder\/schmetterlingsbar-und-bienenbuffet\/\" data-type=\"page\" data-id=\"1346\">Schmetterlingsbar und Bienenbuffet<\/a><\/p>\n\n\n\n<p>40 Seiten, 10 sommersch\u00f6ne Geschichten, 10 Bilder<br>Deckblatt von Heike Neumann<br>Wappen von Franziska Rickmann<br>DIN A 5, Hochformat<br>Klebebindung, Softcover<br>Beschichtete Umschlagseiten<\/p>\n\n\n\n<p>Preis 9,90 Euro, <a href=\"https:\/\/www.blaulicht-verlag.de\/online-shop\/sommer-in-pfifferlingen\/#cc-m-product-12158545721\" data-type=\"link\" data-id=\"https:\/\/www.blaulicht-verlag.de\/online-shop\/sommer-in-pfifferlingen\/#cc-m-product-12158545721\">HIER geht es direkt zur Bestellm\u00f6glichkeit beim Blaulicht-Verlag (versandkostenfrei)<\/a><\/p>\n\n\n\n<p>Beim <a href=\"https:\/\/heike-neumann.de\/index.php\/bonusmaterial\/bonusmaterial-zu-geschichten-aus-pfifferlingen\/\">BONUSMATERIAL<\/a> gibt es jede Menge Wichtelsachen und die Bilder im Buch als Ausmalbilder in gr\u00f6\u00dferem Format. Au\u00dferdem k\u00f6nnt ihr euch dort ein Minibuch von \u201eSommer in Pfifferlingen\u201c f\u00fcr den magischen Bewohner hinter der Wichtelt\u00fcr runterladen und ausdrucken.<\/p>\n\n\n\n<p>Die Gemeinschaft der Wesen in Pfifferlingen ist sehr divers und kunterbunt.&nbsp;<a href=\"https:\/\/heike-neumann.de\/index.php\/kinderbuecher\/geschichten-aus-pfifferlingen\/diversitaet-in-pfifferlingen\/\">Mehr dazu hier<\/a><\/p>\n","protected":false},"excerpt":{"rendered":"<p>Das Wetter wird w\u00e4rmer und die Sonne lacht \u00fcber das kleine Dorf Pfifferlingen am magischen Wald. Die Wichtel, Zwerge, Trolle und alle anderen kleinen magischen Wesen sind gerne und oft drau\u00dfen und entdecken all das Wunderbare, was es im Sommer so gibt: Melonen und Eis, Zeltabenteuer mit Schatzsuche, Sommerglitzerfeen und sogar eine von Zwergenhand gebaute Erfrischungsmaschine! Auch f\u00fcr die Insekten wird gesorgt: Mit einer Pflanzaktion bekommen sie jede Menge Blumen und eine Trinkschale.Der Troll Rune begegnet einem Zahnputztroll, der auch noch ein tolles Lied mitbringt. Auch ein heftiges Sommergewitter sorgt daf\u00fcr, dass es nicht langweilig wird. Die gro\u00dfartigen Feste, die es so nur in Pfifferlingen geben kann, reichen bis weit in die Sommernacht und auch die geheimnisvollen und unsichtbaren Poffies sind wieder mit \u00dcberraschungen am Werk.Inklusion und Freundschaft wird gro\u00dfgeschrieben in dieser diversen und kunterbunt-fr\u00f6hlichen Gesellschaft in Pfifferlingen. Seid willkommen und erlebt die Sommergeschichten mit! Nach \u201eFr\u00fchling in Pfifferlingen ist dies nun das zweite Buch der Autorin einer Jahreszeitenreihe aus dem kleinen Pilzdorf am magischen Wald. Hier geht es zu der Leseprobe zu &#8222;Sommer in Pfifferlingen&#8220;:Schmetterlingsbar und Bienenbuffet 40 Seiten, 10 sommersch\u00f6ne Geschichten, 10 BilderDeckblatt von Heike NeumannWappen von Franziska RickmannDIN A 5, HochformatKlebebindung, SoftcoverBeschichtete Umschlagseiten Preis 9,90 Euro, HIER geht es direkt zur Bestellm\u00f6glichkeit beim Blaulicht-Verlag (versandkostenfrei) Beim BONUSMATERIAL gibt es jede Menge Wichtelsachen und die Bilder im Buch als Ausmalbilder in gr\u00f6\u00dferem Format. Au\u00dferdem k\u00f6nnt ihr euch dort ein Minibuch von \u201eSommer in Pfifferlingen\u201c f\u00fcr den magischen Bewohner hinter der Wichtelt\u00fcr runterladen und ausdrucken. Die Gemeinschaft der Wesen in Pfifferlingen ist sehr divers und kunterbunt.&nbsp;Mehr dazu hier<\/p>\n","protected":false},"author":1,"featured_media":0,"parent":23,"menu_order":0,"comment_status":"closed","ping_status":"closed","template":"","meta":{"footnotes":""},"class_list":["post-1376","page","type-page","status-publish","hentry"],"_links":{"self":[{"href":"https:\/\/heike-neumann.de\/index.php\/wp-json\/wp\/v2\/pages\/1376","targetHints":{"allow":["GET"]}}],"collection":[{"href":"https:\/\/heike-neumann.de\/index.php\/wp-json\/wp\/v2\/pages"}],"about":[{"href":"https:\/\/heike-neumann.de\/index.php\/wp-json\/wp\/v2\/types\/page"}],"author":[{"embeddable":true,"href":"https:\/\/heike-neumann.de\/index.php\/wp-json\/wp\/v2\/users\/1"}],"replies":[{"embeddable":true,"href":"https:\/\/heike-neumann.de\/index.php\/wp-json\/wp\/v2\/comments?post=1376"}],"version-history":[{"count":13,"href":"https:\/\/heike-neumann.de\/index.php\/wp-json\/wp\/v2\/pages\/1376\/revisions"}],"predecessor-version":[{"id":2087,"href":"https:\/\/heike-neumann.de\/index.php\/wp-json\/wp\/v2\/pages\/1376\/revisions\/2087"}],"up":[{"embeddable":true,"href":"https:\/\/heike-neumann.de\/index.php\/wp-json\/wp\/v2\/pages\/23"}],"wp:attachment":[{"href":"https:\/\/heike-neumann.de\/index.php\/wp-json\/wp\/v2\/media?parent=1376"}],"curies":[{"name":"wp","href":"https:\/\/api.w.org\/{rel}","templated":true}]}}