{"id":1360,"date":"2023-02-28T21:50:49","date_gmt":"2023-02-28T19:50:49","guid":{"rendered":"https:\/\/heike-neumann.de\/?page_id=1360"},"modified":"2023-02-28T21:52:10","modified_gmt":"2023-02-28T19:52:10","slug":"eulen-ueber-eulen-eine-harry-potter-fanfiktion-fuer-kinder","status":"publish","type":"page","link":"https:\/\/heike-neumann.de\/index.php\/kurzgeschichten-fuer-kinder\/eulen-ueber-eulen-eine-harry-potter-fanfiktion-fuer-kinder\/","title":{"rendered":"Eulen \u00fcber Eulen (Eine Harry-Potter-Fanfiktion f\u00fcr Kinder)"},"content":{"rendered":"\n<p><\/p>\n\n\n\n<p><\/p>\n\n\n\n<p><\/p>\n\n\n\n<div style=\"height:17px\" aria-hidden=\"true\" class=\"wp-block-spacer\"><\/div>\n\n\n\n<p>Das gesamte Hogwarts-Universum, alle magischen Orte und Namen, alle Darstellungen aus den Harry-Potter-B\u00fccher stammen nicht von mir, sondern von der Autorin JK Rowling.<br><br>Meine Geschichten erz\u00e4hlen f\u00fcr Kinder das, was in den B\u00fcchern nicht so genau beschrieben wird. Erkl\u00e4ren und beschreiben die magische Welt, ohne dass der Inhalt der B\u00fccher gespoilert wird.<br>Gerade f\u00fcr kleinere Kinder, die f\u00fcr die Harry-Potter-B\u00e4nde noch zu klein sind, machen meine Geschichten ein Tor zur magischen Welt auf.<\/p>\n\n\n\n<div style=\"height:36px\" aria-hidden=\"true\" class=\"wp-block-spacer\"><\/div>\n\n\n\n<p>Eulen \u00fcber Eulen<br>oder<br>Wie die magischen Eulen ihre Bestimmung finden<\/p>\n\n\n\n<p>Jedes Mal, wenn in England eine Eule aus ihrem Ei schl\u00fcpft, ist es ein Wunder. So wie bei jeder Geburt in jedem Land auf dieser Welt.<\/p>\n\n\n\n<p>Aber manchmal passiert mit diesen Eulenbabys etwas Seltsames. Manche Eulenbabys haben einen magischen Schimmer in den Augen. Niemand wei\u00df, warum und welche Eulen daf\u00fcr ausgew\u00e4hlt werden. Das ist ein uralter Zauber, den niemand begreifen kann.<\/p>\n\n\n\n<p>Diese Eulen sind h\u00e4ufig etwas kr\u00e4ftiger und k\u00f6nnen besonders gut weite Strecken zur\u00fccklegen. Au\u00dferdem werden sie, wenn sie alt genug sind, das Nest zu verlassen, von einer Sehnsucht gepackt, sich auf den Weg nach London zu machen.<\/p>\n\n\n\n<p>Ob es ein Duft, ein glitzernder Schimmer oder nur ein Gef\u00fchl ist, k\u00f6nnen sie sogar selber nicht beschreiben. Tatsache ist, sobald sie fl\u00fcgge sind, verabschieden sie sich von ihren Eltern und Geschwistern und finden sich nach kurzer oder l\u00e4ngerer Flugstecke in London ein.<\/p>\n\n\n\n<p>Viele Eulen finden sofort den geheimnisvollen Weg in die Winkelgasse, manche m\u00fcssen ein paar Tage suchen und einige wenige werden v\u00f6llig erledigt von Madame Sowlish von der Zentraleulerei in der Winkelgasse in den Stra\u00dfen rund um den Pub \u201eZum tropfenden Kessel\u201c gefunden und aufgep\u00e4ppelt. Aber \u00fcber kurz oder lang sind alle in der Sammelhalle der Zentraleulerei versammelt. Dort stehen viele magische Futtern\u00e4pfe, die sie immer wieder neu mit den k\u00f6stlichsten Eulenspeisen f\u00fcllen.<\/p>\n\n\n\n<p>Auch viele Schlaf- und Ruhepl\u00e4tze, H\u00f6hlen und Sitzstangen gibt es dort und unter jedem dieser Pl\u00e4tze schwebt ein magischer Ratzeputz-Portschleier, der alles, was dort hineinf\u00e4llt, sofort einem Portschl\u00fcssel gleich auf den Misthaufen hinten im Hof bef\u00f6rdert.<\/p>\n\n\n\n<p>Durch viele Abflugl\u00f6cher in den W\u00e4nden k\u00f6nnen alle Eulen frei hinein- und herausfliegen und sich erstmal mit dem neuen Ort vertraut machen.<\/p>\n\n\n\n<p>Diese wunderbare Halle ist das Reich von Madame Sowlish. Eine talentierte Hexe mit farbigen Umh\u00e4ngen und lockigen brauen Haaren, die schon an der einen oder anderen Str\u00e4hne leicht silbrig gl\u00e4nzen. Fast immer ist sie l\u00e4chelnd, pfeifend und singend bei ihrer Arbeit zu sehen, was ganz im Gegensatz zu ihrem Namen steht.<\/p>\n\n\n\n<p>Madame Sowlish pflegt verwundete Eulen, repariert die eine oder andere Sitzstange, wenn ein \u00fcbergewichtiger Uhu sich mal wieder versch\u00e4tzt hatte und ist auch ansonsten immer da, wenn die V\u00f6gel sie brauchen.<\/p>\n\n\n\n<p>Nach einigen Tagen werden sie von Madame Sowlish in ihr gem\u00fctliches B\u00fcro eingeladen. Dort befinden sich auch viele lebende Portraits uralter und anscheinend sehr weiser Eulen, die w\u00e4hrend der Gespr\u00e4che immerwieder leise Zwischenkommentare abgeben.<\/p>\n\n\n\n<p>Auf eine geheimnisvolle Art kann Madame Sowlish die Sprache der Eulen verstehen und wei\u00df genau, wie sie sich f\u00fchlen, was sie brauchen und sich w\u00fcnschen. So \u00fcberlegt sie gemeinsam mit jedem einzelnen Vogel, wo wohl der beste Einsatzort sein k\u00f6nnte. M\u00f6chte sie gerne in der Stadt bleiben und beispielsweise in der Eulerei des Ministeriums eingesetzt werden? Oder lieber auf dem Land und im Eulentum in Hogwarts zuhause sein?<\/p>\n\n\n\n<p>Vielleicht ist sie kr\u00e4ftig genug, um Pakete auszutragen und in einem Gesch\u00e4ft ihren Dienst zu tun oder sie mag gerne unterwegs sein und als Zugeule im Hogwartsexpress mitfahren?<\/p>\n\n\n\n<p>Auch das Zuhause in einer der Zaubererfamilien oder als Haustier bei einem Sch\u00fcler oder einer Sch\u00fclerin \u2013 all das wird \u00fcberlegt und am Ende kommt jede Eule strahlend und voller Vorfreude aus dem B\u00fcro getanzt.<\/p>\n\n\n\n<p>Auch wird jede Eule eingeladen, immerwieder gerne als Gast in der Zentraleulerei vorbeizuschauen, sich den Magen zu f\u00fcllen und hier solange zu bleiben, wie das jeweilige Tier gerne mag.<\/p>\n\n\n\n<p>Ein paar Tage sp\u00e4ter geht es dann los. Ein Lehrer aus Hogwarts holt die neuen Schuleulen ab, ein Beamter der Ministeriums die Tiere f\u00fcr dortige Eulerei. Zu Eeylops Eulenkaufhaus kommen alle V\u00f6gel, die bei Sch\u00fclern, Sch\u00fclerinnen oder Familien wohnen wollen und wenn Gesch\u00e4ftsinhaber eine neue Auslieferdiensteule brauchen, fragen sie auch in der Zentraleulerei an.<\/p>\n\n\n\n<p>Es wird von Madame Sowlish streng auch au\u00dferhalb der Zentraleulerei darauf geachtet, dass die Eulen ihre Wunschanstellung bekommen und nicht beispielsweise eine kleine Zwergohreule, die gerne bei einer \u00fcberschaubaren Familien leben will, nun t\u00e4glich schwere Pakete aus einem Gesch\u00e4ft austragen muss.<\/p>\n\n\n\n<p>Anfang Januar, wenn alle Eulen die vielen Weihnachslieferungen \u00fcberstanden haben, l\u00e4d Madame Sowlish alle Eulen Englands zu einem gro\u00dfen Neujahrsfest in die Halle der Zentraleulerei ein, die zu diesem Zweck magisch vergr\u00f6\u00dfert wird.<\/p>\n\n\n\n<p>Heike Neumann Januar 2022<\/p>\n\n\n\n<p>PS: Frage: Welche Worte und somit welche Bedeutung verbergen sich hinter dem Namen der Inhaberin der Zentraleulerei?<\/p>\n\n\n\n<p>Sort \u2013 sortieren, zuordnen<\/p>\n\n\n\n<p>owl &#8211; Eule<\/p>\n\n\n\n<p>wish &#8211; Wunsch<\/p>\n","protected":false},"excerpt":{"rendered":"<p>Das gesamte Hogwarts-Universum, alle magischen Orte und Namen, alle Darstellungen aus den Harry-Potter-B\u00fccher stammen nicht von mir, sondern von der Autorin JK Rowling. Meine Geschichten erz\u00e4hlen f\u00fcr Kinder das, was in den B\u00fcchern nicht so genau beschrieben wird. Erkl\u00e4ren und beschreiben die magische Welt, ohne dass der Inhalt der B\u00fccher gespoilert wird.Gerade f\u00fcr kleinere Kinder, die f\u00fcr die Harry-Potter-B\u00e4nde noch zu klein sind, machen meine Geschichten ein Tor zur magischen Welt auf. Eulen \u00fcber EulenoderWie die magischen Eulen ihre Bestimmung finden Jedes Mal, wenn in England eine Eule aus ihrem Ei schl\u00fcpft, ist es ein Wunder. So wie bei jeder Geburt in jedem Land auf dieser Welt. Aber manchmal passiert mit diesen Eulenbabys etwas Seltsames. Manche Eulenbabys haben einen magischen Schimmer in den Augen. Niemand wei\u00df, warum und welche Eulen daf\u00fcr ausgew\u00e4hlt werden. Das ist ein uralter Zauber, den niemand begreifen kann. Diese Eulen sind h\u00e4ufig etwas kr\u00e4ftiger und k\u00f6nnen besonders gut weite Strecken zur\u00fccklegen. Au\u00dferdem werden sie, wenn sie alt genug sind, das Nest zu verlassen, von einer Sehnsucht gepackt, sich auf den Weg nach London zu machen. Ob es ein Duft, ein glitzernder Schimmer oder nur ein Gef\u00fchl ist, k\u00f6nnen sie sogar selber nicht beschreiben. Tatsache ist, sobald sie fl\u00fcgge sind, verabschieden sie sich von ihren Eltern und Geschwistern und finden sich nach kurzer oder l\u00e4ngerer Flugstecke in London ein. Viele Eulen finden sofort den geheimnisvollen Weg in die Winkelgasse, manche m\u00fcssen ein paar Tage suchen und einige wenige werden v\u00f6llig erledigt von Madame Sowlish von der Zentraleulerei in der Winkelgasse in den Stra\u00dfen rund um den Pub \u201eZum tropfenden Kessel\u201c gefunden und aufgep\u00e4ppelt. Aber \u00fcber kurz oder lang sind alle in der Sammelhalle der Zentraleulerei versammelt. Dort stehen viele magische Futtern\u00e4pfe, die sie immer wieder neu mit den k\u00f6stlichsten Eulenspeisen f\u00fcllen. Auch viele Schlaf- und Ruhepl\u00e4tze, H\u00f6hlen und Sitzstangen gibt es dort und unter jedem dieser Pl\u00e4tze schwebt ein magischer Ratzeputz-Portschleier, der alles, was dort hineinf\u00e4llt, sofort einem Portschl\u00fcssel gleich auf den Misthaufen hinten im Hof bef\u00f6rdert. Durch viele Abflugl\u00f6cher in den W\u00e4nden k\u00f6nnen alle Eulen frei hinein- und herausfliegen und sich erstmal mit dem neuen Ort vertraut machen. Diese wunderbare Halle ist das Reich von Madame Sowlish. Eine talentierte Hexe mit farbigen Umh\u00e4ngen und lockigen brauen Haaren, die schon an der einen oder anderen Str\u00e4hne leicht silbrig gl\u00e4nzen. Fast immer ist sie l\u00e4chelnd, pfeifend und singend bei ihrer Arbeit zu sehen, was ganz im Gegensatz zu ihrem Namen steht. Madame Sowlish pflegt verwundete Eulen, repariert die eine oder andere Sitzstange, wenn ein \u00fcbergewichtiger Uhu sich mal wieder versch\u00e4tzt hatte und ist auch ansonsten immer da, wenn die V\u00f6gel sie brauchen. Nach einigen Tagen werden sie von Madame Sowlish in ihr gem\u00fctliches B\u00fcro eingeladen. Dort befinden sich auch viele lebende Portraits uralter und anscheinend sehr weiser Eulen, die w\u00e4hrend der Gespr\u00e4che immerwieder leise Zwischenkommentare abgeben. Auf eine geheimnisvolle Art kann Madame Sowlish die Sprache der Eulen verstehen und wei\u00df genau, wie sie sich f\u00fchlen, was sie brauchen und sich w\u00fcnschen. So \u00fcberlegt sie gemeinsam mit jedem einzelnen Vogel, wo wohl der beste Einsatzort sein k\u00f6nnte. M\u00f6chte sie gerne in der Stadt bleiben und beispielsweise in der Eulerei des Ministeriums eingesetzt werden? Oder lieber auf dem Land und im Eulentum in Hogwarts zuhause sein? Vielleicht ist sie kr\u00e4ftig genug, um Pakete auszutragen und in einem Gesch\u00e4ft ihren Dienst zu tun oder sie mag gerne unterwegs sein und als Zugeule im Hogwartsexpress mitfahren? Auch das Zuhause in einer der Zaubererfamilien oder als Haustier bei einem Sch\u00fcler oder einer Sch\u00fclerin \u2013 all das wird \u00fcberlegt und am Ende kommt jede Eule strahlend und voller Vorfreude aus dem B\u00fcro getanzt. Auch wird jede Eule eingeladen, immerwieder gerne als Gast in der Zentraleulerei vorbeizuschauen, sich den Magen zu f\u00fcllen und hier solange zu bleiben, wie das jeweilige Tier gerne mag. Ein paar Tage sp\u00e4ter geht es dann los. Ein Lehrer aus Hogwarts holt die neuen Schuleulen ab, ein Beamter der Ministeriums die Tiere f\u00fcr dortige Eulerei. Zu Eeylops Eulenkaufhaus kommen alle V\u00f6gel, die bei Sch\u00fclern, Sch\u00fclerinnen oder Familien wohnen wollen und wenn Gesch\u00e4ftsinhaber eine neue Auslieferdiensteule brauchen, fragen sie auch in der Zentraleulerei an. Es wird von Madame Sowlish streng auch au\u00dferhalb der Zentraleulerei darauf geachtet, dass die Eulen ihre Wunschanstellung bekommen und nicht beispielsweise eine kleine Zwergohreule, die gerne bei einer \u00fcberschaubaren Familien leben will, nun t\u00e4glich schwere Pakete aus einem Gesch\u00e4ft austragen muss. Anfang Januar, wenn alle Eulen die vielen Weihnachslieferungen \u00fcberstanden haben, l\u00e4d Madame Sowlish alle Eulen Englands zu einem gro\u00dfen Neujahrsfest in die Halle der Zentraleulerei ein, die zu diesem Zweck magisch vergr\u00f6\u00dfert wird. Heike Neumann Januar 2022 PS: Frage: Welche Worte und somit welche Bedeutung verbergen sich hinter dem Namen der Inhaberin der Zentraleulerei? Sort \u2013 sortieren, zuordnen owl &#8211; Eule wish &#8211; Wunsch<\/p>\n","protected":false},"author":1,"featured_media":0,"parent":25,"menu_order":0,"comment_status":"closed","ping_status":"closed","template":"","meta":{"footnotes":""},"class_list":["post-1360","page","type-page","status-publish","hentry"],"_links":{"self":[{"href":"https:\/\/heike-neumann.de\/index.php\/wp-json\/wp\/v2\/pages\/1360","targetHints":{"allow":["GET"]}}],"collection":[{"href":"https:\/\/heike-neumann.de\/index.php\/wp-json\/wp\/v2\/pages"}],"about":[{"href":"https:\/\/heike-neumann.de\/index.php\/wp-json\/wp\/v2\/types\/page"}],"author":[{"embeddable":true,"href":"https:\/\/heike-neumann.de\/index.php\/wp-json\/wp\/v2\/users\/1"}],"replies":[{"embeddable":true,"href":"https:\/\/heike-neumann.de\/index.php\/wp-json\/wp\/v2\/comments?post=1360"}],"version-history":[{"count":2,"href":"https:\/\/heike-neumann.de\/index.php\/wp-json\/wp\/v2\/pages\/1360\/revisions"}],"predecessor-version":[{"id":1363,"href":"https:\/\/heike-neumann.de\/index.php\/wp-json\/wp\/v2\/pages\/1360\/revisions\/1363"}],"up":[{"embeddable":true,"href":"https:\/\/heike-neumann.de\/index.php\/wp-json\/wp\/v2\/pages\/25"}],"wp:attachment":[{"href":"https:\/\/heike-neumann.de\/index.php\/wp-json\/wp\/v2\/media?parent=1360"}],"curies":[{"name":"wp","href":"https:\/\/api.w.org\/{rel}","templated":true}]}}