{"id":1356,"date":"2023-02-26T20:53:48","date_gmt":"2023-02-26T18:53:48","guid":{"rendered":"https:\/\/heike-neumann.de\/?page_id=1356"},"modified":"2023-02-26T20:54:59","modified_gmt":"2023-02-26T18:54:59","slug":"ich-bin-hagar-zur-jahreslosung-2023","status":"publish","type":"page","link":"https:\/\/heike-neumann.de\/index.php\/kurzgeschichten-fuer-kinder\/geschichten-mit-christlichem-hintergrund\/ich-bin-hagar-zur-jahreslosung-2023\/","title":{"rendered":"Ich bin Hagar (Zur Jahreslosung 2023)"},"content":{"rendered":"\n<div style=\"height:5px\" aria-hidden=\"true\" class=\"wp-block-spacer\"><\/div>\n\n\n\n<p>Ich bin Hagar<br>vor 10 Jahren wurde ich als Sklavin aus \u00c4gypten hergebracht. Ich sollte meine Herrin Sara unterst\u00fctzen, wenn diese ein Kind bekommen w\u00fcrde.<br>Als Sklavin hatte ich einen schweren Stand. Ich galt nicht als Mensch im eigentlichen Sinne, stattdessen musste ich teilweise schwere Arbeit verrichten und war einfach nur dazu da, damit es Sara und Abraham gut ging. Sklaven sind nie Teil der Familie und so war es bei uns auch.<br>Ich war und blieb fremd, oft f\u00fchlte ich mich allein.<br>Sara und Abraham glaubten an einen einzigen Gott. Ich kannte aus \u00c4gypten viele G\u00f6tter, die immer f\u00fcr etwas anderes zust\u00e4ndig waren. Aber der eine Gott \u2013 mit dem hatte ich nichts zu tun.<br>Warum auch? Ich war alleine und fremd hier. Was hatte ich mit deren Gott zu tun?<br>Sara und Abraham w\u00fcnschten sich so sehr ein Kind \u2013 aber es klappte nicht!<br>Die Jahre gingen in das Land. Sara und Abraham wurden alt und die Sorge, dass sie kein Kind, keinen Nachfolger, hatten, stieg mehr und mehr.<br>Tja und dann meinte Sara, ich solle doch versuchen, ein Kind von Abraham zu bekommen. Und stellt euch vor: Dieses Kind w\u00fcrde dann als Saras Kind gelten, weil ich ja nur die Sklavin und Saras Eigentum war.<br>Naja, das klappte dann. Ich wurde tats\u00e4chlich schwanger.<br>Ha! Ich habe etwas geschafft, was Sara nicht konnte! Ich war tats\u00e4chlich schwanger!<br>Stellt euch vor, wie ich mich gef\u00fchlt habe!<br>Naja, das konnte Sara nicht ertragen. Ich musste noch schlechtere und niedere Arbeiten machen als sowieso schon. Das war echt \u00fcbel!<br>Nun, das habe ich bald nicht mehr ausgehalten! Da wuchs ein Kind in meinem Bauch heran! Ein Wesen, was jetzt schon so viel mehr war als irgendein Ding in meinem Bauch! Ein echtes Kind! Und ich wurde dadurch Mutter! Nicht mehr nur ein Wegwerf-Mensch, eine Sklavin!<br>Ich floh! In die W\u00fcste!<br>Eigentlich bedeutete das den sicheren Tod f\u00fcr mich und mein Kind. Aber wollte ich mein, unser Leben so weiter verbringen?<br>NEIN!<br>Ich wollte zum Ort Schur und an der Quelle auf dem Weg dorthin stand da pl\u00f6tzlich ein Engel!<br>Ein Engel von dem Gott, der mir bisher so v\u00f6llig egal war!<br>Ich kleine unbedeutende Sklavin! MICH hat er gesehen! Tats\u00e4chlich MICH!<br>Er hat gesehen, wie es mir geht, hat mich verstanden. Er hat mich angesehen und wie mit mir umgegangen wird! Ein Gott, der mich sieht!<\/p>\n","protected":false},"excerpt":{"rendered":"<p>Ich bin Hagarvor 10 Jahren wurde ich als Sklavin aus \u00c4gypten hergebracht. Ich sollte meine Herrin Sara unterst\u00fctzen, wenn diese ein Kind bekommen w\u00fcrde.Als Sklavin hatte ich einen schweren Stand. Ich galt nicht als Mensch im eigentlichen Sinne, stattdessen musste ich teilweise schwere Arbeit verrichten und war einfach nur dazu da, damit es Sara und Abraham gut ging. Sklaven sind nie Teil der Familie und so war es bei uns auch.Ich war und blieb fremd, oft f\u00fchlte ich mich allein.Sara und Abraham glaubten an einen einzigen Gott. Ich kannte aus \u00c4gypten viele G\u00f6tter, die immer f\u00fcr etwas anderes zust\u00e4ndig waren. Aber der eine Gott \u2013 mit dem hatte ich nichts zu tun.Warum auch? Ich war alleine und fremd hier. Was hatte ich mit deren Gott zu tun?Sara und Abraham w\u00fcnschten sich so sehr ein Kind \u2013 aber es klappte nicht!Die Jahre gingen in das Land. Sara und Abraham wurden alt und die Sorge, dass sie kein Kind, keinen Nachfolger, hatten, stieg mehr und mehr.Tja und dann meinte Sara, ich solle doch versuchen, ein Kind von Abraham zu bekommen. Und stellt euch vor: Dieses Kind w\u00fcrde dann als Saras Kind gelten, weil ich ja nur die Sklavin und Saras Eigentum war.Naja, das klappte dann. Ich wurde tats\u00e4chlich schwanger.Ha! Ich habe etwas geschafft, was Sara nicht konnte! Ich war tats\u00e4chlich schwanger!Stellt euch vor, wie ich mich gef\u00fchlt habe!Naja, das konnte Sara nicht ertragen. Ich musste noch schlechtere und niedere Arbeiten machen als sowieso schon. Das war echt \u00fcbel!Nun, das habe ich bald nicht mehr ausgehalten! Da wuchs ein Kind in meinem Bauch heran! Ein Wesen, was jetzt schon so viel mehr war als irgendein Ding in meinem Bauch! Ein echtes Kind! Und ich wurde dadurch Mutter! Nicht mehr nur ein Wegwerf-Mensch, eine Sklavin!Ich floh! In die W\u00fcste!Eigentlich bedeutete das den sicheren Tod f\u00fcr mich und mein Kind. Aber wollte ich mein, unser Leben so weiter verbringen?NEIN!Ich wollte zum Ort Schur und an der Quelle auf dem Weg dorthin stand da pl\u00f6tzlich ein Engel!Ein Engel von dem Gott, der mir bisher so v\u00f6llig egal war!Ich kleine unbedeutende Sklavin! MICH hat er gesehen! Tats\u00e4chlich MICH!Er hat gesehen, wie es mir geht, hat mich verstanden. Er hat mich angesehen und wie mit mir umgegangen wird! Ein Gott, der mich sieht!<\/p>\n","protected":false},"author":1,"featured_media":0,"parent":1349,"menu_order":0,"comment_status":"closed","ping_status":"closed","template":"","meta":{"footnotes":""},"class_list":["post-1356","page","type-page","status-publish","hentry"],"_links":{"self":[{"href":"https:\/\/heike-neumann.de\/index.php\/wp-json\/wp\/v2\/pages\/1356","targetHints":{"allow":["GET"]}}],"collection":[{"href":"https:\/\/heike-neumann.de\/index.php\/wp-json\/wp\/v2\/pages"}],"about":[{"href":"https:\/\/heike-neumann.de\/index.php\/wp-json\/wp\/v2\/types\/page"}],"author":[{"embeddable":true,"href":"https:\/\/heike-neumann.de\/index.php\/wp-json\/wp\/v2\/users\/1"}],"replies":[{"embeddable":true,"href":"https:\/\/heike-neumann.de\/index.php\/wp-json\/wp\/v2\/comments?post=1356"}],"version-history":[{"count":1,"href":"https:\/\/heike-neumann.de\/index.php\/wp-json\/wp\/v2\/pages\/1356\/revisions"}],"predecessor-version":[{"id":1358,"href":"https:\/\/heike-neumann.de\/index.php\/wp-json\/wp\/v2\/pages\/1356\/revisions\/1358"}],"up":[{"embeddable":true,"href":"https:\/\/heike-neumann.de\/index.php\/wp-json\/wp\/v2\/pages\/1349"}],"wp:attachment":[{"href":"https:\/\/heike-neumann.de\/index.php\/wp-json\/wp\/v2\/media?parent=1356"}],"curies":[{"name":"wp","href":"https:\/\/api.w.org\/{rel}","templated":true}]}}