{"id":1349,"date":"2023-02-26T20:31:37","date_gmt":"2023-02-26T18:31:37","guid":{"rendered":"https:\/\/heike-neumann.de\/?page_id=1349"},"modified":"2023-02-26T20:55:44","modified_gmt":"2023-02-26T18:55:44","slug":"geschichten-mit-christlichem-hintergrund","status":"publish","type":"page","link":"https:\/\/heike-neumann.de\/index.php\/kurzgeschichten-fuer-kinder\/geschichten-mit-christlichem-hintergrund\/","title":{"rendered":"Geschichten mit christlichem Hintergrund"},"content":{"rendered":"\n<div style=\"height:5px\" aria-hidden=\"true\" class=\"wp-block-spacer\"><\/div>\n\n\n\n<p>Ob mit Augenzwinkern, aus einem anderen Blickwinkel betrachtet oder einfach nur zusammengefasst &#8211; Hier findet ihr Geschichten mit christlichen Themen, Werten und Hintergr\u00fcnden.<br>Nat\u00fcrlich d\u00fcrfen diese gerne f\u00fcr Andachten usw. genutzt werden!<br>Es w\u00e4re nur nett, wenn ich dazu eine kurze Mail bekommen w\u00fcrde.<\/p>\n\n\n\n<p><a href=\"https:\/\/heike-neumann.de\/index.php\/kurzgeschichten-fuer-kinder\/zachaeus-aus-der-sicht-einer-taube\/\" data-type=\"page\" data-id=\"721\">Der Mann auf dem Maulbeerbaum &#8211; Zach\u00e4us aus der Sicht einer Taube<\/a><br><\/p>\n\n\n\n<p><a href=\"https:\/\/heike-neumann.de\/index.php\/kurzgeschichten-fuer-kinder\/als-noah-eine-ausnahme-machte\/\" data-type=\"page\" data-id=\"1318\">Als Noah eine Ausnahme machte<\/a><\/p>\n\n\n\n<p><\/p>\n\n\n\n<p><a href=\"https:\/\/heike-neumann.de\/index.php\/kurzgeschichten-fuer-kinder\/geschichten-mit-christlichem-hintergrund\/der-pfau\/\" data-type=\"page\" data-id=\"1352\">Der Pfau (Gott aber sieht das Herz an)<\/a><\/p>\n\n\n\n<p><\/p>\n\n\n\n<p><a href=\"https:\/\/heike-neumann.de\/index.php\/kurzgeschichten-fuer-kinder\/geschichten-mit-christlichem-hintergrund\/ich-bin-hagar-zur-jahreslosung-2023\/\" data-type=\"page\" data-id=\"1356\">Ich bin Hagar (Zur Jahreslosung 2023) <\/a><\/p>\n","protected":false},"excerpt":{"rendered":"<p>Ob mit Augenzwinkern, aus einem anderen Blickwinkel betrachtet oder einfach nur zusammengefasst &#8211; Hier findet ihr Geschichten mit christlichen Themen, Werten und Hintergr\u00fcnden.Nat\u00fcrlich d\u00fcrfen diese gerne f\u00fcr Andachten usw. genutzt werden!Es w\u00e4re nur nett, wenn ich dazu eine kurze Mail bekommen w\u00fcrde. Der Mann auf dem Maulbeerbaum &#8211; Zach\u00e4us aus der Sicht einer Taube Als Noah eine Ausnahme machte Der Pfau (Gott aber sieht das Herz an) Ich bin Hagar (Zur Jahreslosung 2023)<\/p>\n","protected":false},"author":1,"featured_media":0,"parent":25,"menu_order":0,"comment_status":"closed","ping_status":"closed","template":"","meta":{"footnotes":""},"class_list":["post-1349","page","type-page","status-publish","hentry"],"_links":{"self":[{"href":"https:\/\/heike-neumann.de\/index.php\/wp-json\/wp\/v2\/pages\/1349","targetHints":{"allow":["GET"]}}],"collection":[{"href":"https:\/\/heike-neumann.de\/index.php\/wp-json\/wp\/v2\/pages"}],"about":[{"href":"https:\/\/heike-neumann.de\/index.php\/wp-json\/wp\/v2\/types\/page"}],"author":[{"embeddable":true,"href":"https:\/\/heike-neumann.de\/index.php\/wp-json\/wp\/v2\/users\/1"}],"replies":[{"embeddable":true,"href":"https:\/\/heike-neumann.de\/index.php\/wp-json\/wp\/v2\/comments?post=1349"}],"version-history":[{"count":3,"href":"https:\/\/heike-neumann.de\/index.php\/wp-json\/wp\/v2\/pages\/1349\/revisions"}],"predecessor-version":[{"id":1359,"href":"https:\/\/heike-neumann.de\/index.php\/wp-json\/wp\/v2\/pages\/1349\/revisions\/1359"}],"up":[{"embeddable":true,"href":"https:\/\/heike-neumann.de\/index.php\/wp-json\/wp\/v2\/pages\/25"}],"wp:attachment":[{"href":"https:\/\/heike-neumann.de\/index.php\/wp-json\/wp\/v2\/media?parent=1349"}],"curies":[{"name":"wp","href":"https:\/\/api.w.org\/{rel}","templated":true}]}}